{"id":21634,"date":"2022-05-03T13:12:40","date_gmt":"2022-05-03T11:12:40","guid":{"rendered":"https:\/\/bisbalpenedes.com\/web\/?post_type=portfolio&#038;p=21634"},"modified":"2022-05-03T15:05:05","modified_gmt":"2022-05-03T13:05:05","slug":"habitatges-socials","status":"publish","type":"portfolio","link":"https:\/\/bisbalpenedes.com\/web\/portfolio\/habitatges-socials\/","title":{"rendered":"Habitatges socials"},"content":{"rendered":"\n<p class=\"has-white-color has-pale-cyan-blue-background-color has-text-color has-background has-medium-font-size\"><strong>Habitatges de lloguer social municipals<\/strong><\/p>\n\n\n<p>L\u2019Ajuntament ha reformat les antigues cases dels mestres perqu\u00e8 puguin ser usades com a habitatges de lloguer social i cobrir aix\u00ed, de manera temporal, les necessitats de les persones del municipi en situaci\u00f3 d\u2019exclusi\u00f3 social o residencial per motius econ\u00f2mics. Aix\u00ed, es tracta d\u2019uns habitatges destinats a persones o unitats familiars en situaci\u00f3 de vulnerabilitat social, per un termini d\u2019entre un i dos anys, prorrogable fins a un m\u00e0xim de sis anys. Durant el temps que la persona o la fam\u00edlia estigui en l\u2019esmentat habitatge, se li far\u00e0 un seguiment des de serveis socials i des del SOM Bisbal per vetllar per la millora laboral i amb l\u2019objectiu tamb\u00e9 de trobar un altre habitatge, despr\u00e9s d\u2019aquest lloguer.<\/p>\n<p><strong>Els principals requisits d\u2019acc\u00e9s, seran:<\/strong><\/p>\n<ul>\n<li>Unitat familiar d\u2019un m\u00e0xim de 4 persones, ja que les cases no superen els 80m2 constru\u00efts.<\/li>\n<li>Nacionalitat espanyola, d\u2019un pa\u00eds membre de la Uni\u00f3 Europea o perm\u00eds de resid\u00e8ncia vigent si es tracta d\u2019altres pa\u00efsos.<\/li>\n<li>La persona sol\u00b7licitant ha de ser major d\u2019edat o ser menor emancipat.<\/li>\n<li>Estar empadronats a la Bisbal com a m\u00ednim dos anys abans de la sol\u00b7licitud i amb informe favorable dels serveis socials municipals.<\/li>\n<li>Les fam\u00edlies han de disposar d\u2019uns ingressos mensuals m\u00ednims iguals o superiors al 47% de l\u2019\u00cdndex de Renda de Sufici\u00e8ncia de Catalunya (IRSC) per a poder fer front als pagaments mensuals (lloguer, llum, aigua\u2026)<\/li>\n<li>Els ingressos de la unitat familiar no poden ser superiors a 2,33 vegades l\u2019IRSC<\/li>\n<li>La unitat familiar no pot ser propiet\u00e0ria de cap altre habitatge ni b\u00e9 immoble.<\/li>\n<li>No haver renunciat a l\u2019adjudicaci\u00f3 d\u2019un habitatge d\u2019inclusi\u00f3 social en el darrer any.<\/li>\n<\/ul>\n<p><strong>Preu del lloguer social:<\/strong><\/p>\n<p>Els preus del lloguer es fixaran des de l\u2019Ajuntament, tenint com a refer\u00e8ncia els preus oficials que estableix l\u2019ag\u00e8ncia de l\u2019habitatge de Catalunya segons les caracter\u00edstiques de l\u2019habitatge, la zona i l\u2019any. El lloguer no podr\u00e0 superar el 30% dels ingressos mensuals nets de la persona o unitat familiar.<\/p>\n<p><strong>Despeses associades a l\u2019\u00fas de l\u2019habitatge<\/strong><\/p>\n<p>Les persones i unitats familiars s\u2019han de fer c\u00e0rrec dels subministraments (aigua i electricitat) i del rebut d\u2019escombraries.<\/p>\n<p><strong>Documentaci\u00f3:<\/strong><\/p>\n<h5>Reglament s\u2019ha publicat al Portal de Transpar\u00e8ncia i el podeu consultar en aquest enlla\u00e7: <a href=\"https:\/\/bisbalpenedes.eadministracio.cat\/transparency\">https:\/\/bisbalpenedes.eadministracio.cat\/ \u00a0<\/a>a la secci\u00f3 Normativa: 2.2. Ordenances i Reglaments<\/h5>\n\n\n<div class=\"wp-block-file\"><a href=\"https:\/\/bisbalpenedes.com\/web\/wp-content\/uploads\/2022\/05\/20220503_MODEL-INSTANCIA-SOLICITUD_HABITATGES_.pdf\">MODEL INSTANCIA SOLICITUD_HABITATGES SOCIALS<\/a><a href=\"https:\/\/bisbalpenedes.com\/web\/wp-content\/uploads\/2022\/05\/20220503_MODEL-INSTANCIA-SOLICITUD_HABITATGES_.pdf\" class=\"wp-block-file__button\" download>DESCARREGA INST\u00c0NCIA<\/a><\/div>\n\n\n\n<div class=\"wp-block-file\"><a href=\"https:\/\/bisbalpenedes.com\/web\/wp-content\/uploads\/2022\/05\/DECLARACIO-JURADA-INGRESSOS-ECONOMICS.pdf\">DECLARACIO JURADA INGRESSOS ECONOMICS<\/a><a href=\"https:\/\/bisbalpenedes.com\/web\/wp-content\/uploads\/2022\/05\/DECLARACIO-JURADA-INGRESSOS-ECONOMICS.pdf\" class=\"wp-block-file__button\" download>DESCARREGA MODEL<\/a><\/div>\n","protected":false},"excerpt":{"rendered":"<p>Habitatges de lloguer social municipals L\u2019Ajuntament ha reformat les antigues cases dels mestres perqu\u00e8 puguin ser usades com a habitatges de lloguer social i cobrir aix\u00ed, de manera temporal, les &hellip; <a href=\"https:\/\/bisbalpenedes.com\/web\/portfolio\/habitatges-socials\/\" class=\"more-link\">Read More<\/a><\/p>\n","protected":false},"author":1,"featured_media":0,"comment_status":"closed","ping_status":"closed","template":"","meta":[],"portfolio_category":[],"portfolio_tag":[],"_links":{"self":[{"href":"https:\/\/bisbalpenedes.com\/web\/wp-json\/wp\/v2\/portfolio\/21634"}],"collection":[{"href":"https:\/\/bisbalpenedes.com\/web\/wp-json\/wp\/v2\/portfolio"}],"about":[{"href":"https:\/\/bisbalpenedes.com\/web\/wp-json\/wp\/v2\/types\/portfolio"}],"author":[{"embeddable":true,"href":"https:\/\/bisbalpenedes.com\/web\/wp-json\/wp\/v2\/users\/1"}],"replies":[{"embeddable":true,"href":"https:\/\/bisbalpenedes.com\/web\/wp-json\/wp\/v2\/comments?post=21634"}],"version-history":[{"count":9,"href":"https:\/\/bisbalpenedes.com\/web\/wp-json\/wp\/v2\/portfolio\/21634\/revisions"}],"predecessor-version":[{"id":21651,"href":"https:\/\/bisbalpenedes.com\/web\/wp-json\/wp\/v2\/portfolio\/21634\/revisions\/21651"}],"wp:attachment":[{"href":"https:\/\/bisbalpenedes.com\/web\/wp-json\/wp\/v2\/media?parent=21634"}],"wp:term":[{"taxonomy":"portfolio_category","embeddable":true,"href":"https:\/\/bisbalpenedes.com\/web\/wp-json\/wp\/v2\/portfolio_category?post=21634"},{"taxonomy":"portfolio_tag","embeddable":true,"href":"https:\/\/bisbalpenedes.com\/web\/wp-json\/wp\/v2\/portfolio_tag?post=21634"}],"curies":[{"name":"wp","href":"https:\/\/api.w.org\/{rel}","templated":true}]}}

<p class="has-white-color has-pale-cyan-blue-background-color has-text-color has-background has-medium-font-size"><strong>Habitatges de lloguer social municipals</strong></p>


<p>L’Ajuntament ha reformat les antigues cases dels mestres perquè puguin ser usades com a habitatges de lloguer social i cobrir així, de manera temporal, les necessitats de les persones del municipi en situació d’exclusió social o residencial per motius econòmics. Així, es tracta d’uns habitatges destinats a persones o unitats familiars en situació de vulnerabilitat social, per un termini d’entre un i dos anys, prorrogable fins a un màxim de sis anys. Durant el temps que la persona o la família estigui en l’esmentat habitatge, se li farà un seguiment des de serveis socials i des del SOM Bisbal per vetllar per la millora laboral i amb l’objectiu també de trobar un altre habitatge, després d’aquest lloguer.</p>
<p><strong>Els principals requisits d’accés, seran:</strong></p>
<ul>
<li>Unitat familiar d’un màxim de 4 persones, ja que les cases no superen els 80m2 construïts.</li>
<li>Nacionalitat espanyola, d’un país membre de la Unió Europea o permís de residència vigent si es tracta d’altres països.</li>
<li>La persona sol·licitant ha de ser major d’edat o ser menor emancipat.</li>
<li>Estar empadronats a la Bisbal com a mínim dos anys abans de la sol·licitud i amb informe favorable dels serveis socials municipals.</li>
<li>Les famílies han de disposar d’uns ingressos mensuals mínims iguals o superiors al 47% de l’Índex de Renda de Suficiència de Catalunya (IRSC) per a poder fer front als pagaments mensuals (lloguer, llum, aigua…)</li>
<li>Els ingressos de la unitat familiar no poden ser superiors a 2,33 vegades l’IRSC</li>
<li>La unitat familiar no pot ser propietària de cap altre habitatge ni bé immoble.</li>
<li>No haver renunciat a l’adjudicació d’un habitatge d’inclusió social en el darrer any.</li>
</ul>
<p><strong>Preu del lloguer social:</strong></p>
<p>Els preus del lloguer es fixaran des de l’Ajuntament, tenint com a referència els preus oficials que estableix l’agència de l’habitatge de Catalunya segons les característiques de l’habitatge, la zona i l’any. El lloguer no podrà superar el 30% dels ingressos mensuals nets de la persona o unitat familiar.</p>
<p><strong>Despeses associades a l’ús de l’habitatge</strong></p>
<p>Les persones i unitats familiars s’han de fer càrrec dels subministraments (aigua i electricitat) i del rebut d’escombraries.</p>
<p><strong>Documentació:</strong></p>
<h5>Reglament s’ha publicat al Portal de Transparència i el podeu consultar en aquest enllaç: <a href="https://bisbalpenedes.eadministracio.cat/transparency">https://bisbalpenedes.eadministracio.cat/  </a>a la secció Normativa: 2.2. Ordenances i Reglaments</h5>


<div class="wp-block-file"><a href="https://bisbalpenedes.com/web/wp-content/uploads/2022/05/20220503_MODEL-INSTANCIA-SOLICITUD_HABITATGES_.pdf">MODEL INSTANCIA SOLICITUD_HABITATGES SOCIALS</a><a href="https://bisbalpenedes.com/web/wp-content/uploads/2022/05/20220503_MODEL-INSTANCIA-SOLICITUD_HABITATGES_.pdf" class="wp-block-file__button" download>DESCARREGA INSTÀNCIA</a></div>



<div class="wp-block-file"><a href="https://bisbalpenedes.com/web/wp-content/uploads/2022/05/DECLARACIO-JURADA-INGRESSOS-ECONOMICS.pdf">DECLARACIO JURADA INGRESSOS ECONOMICS</a><a href="https://bisbalpenedes.com/web/wp-content/uploads/2022/05/DECLARACIO-JURADA-INGRESSOS-ECONOMICS.pdf" class="wp-block-file__button" download>DESCARREGA MODEL</a></div>

<p>Habitatges de lloguer social municipals L’Ajuntament ha reformat les antigues cases dels mestres perquè puguin ser usades com a habitatges de lloguer social i cobrir així, de manera temporal, les &hellip; <a href="https://bisbalpenedes.com/web/portfolio/habitatges-socials/" class="more-link">Read More</a></p>
