{"id":8667,"date":"2019-02-04T12:22:37","date_gmt":"2019-02-04T11:22:37","guid":{"rendered":"http:\/\/bisbalpenedes.com\/web\/?page_id=8667"},"modified":"2019-07-17T11:46:53","modified_gmt":"2019-07-17T10:46:53","slug":"feliu-gil-esteve-2017","status":"publish","type":"page","link":"https:\/\/bisbalpenedes.com\/web\/feliu-gil-esteve-2017\/","title":{"rendered":"Feliu Gil Esteve 2017"},"content":{"rendered":"<div data-post-id='3409' class='insert-page insert-page-3409 '><\/div>\n<p>&nbsp;<\/p>\n<p><strong><\/p>\n<p style=\"text-align: left;\">Agenda de setembre a desembre de 2017<\/p>\n<p><\/strong><\/p>\n<p><strong>Setmana 25 de setembre a 1 d\u2019octubre<\/strong><br \/>\nDilluns 25:<br \/>\n10:00h: Atenci\u00f3 ciudadana (barris)<br \/>\n12:00h: Atenci\u00f3 ciudadana (informaci\u00f3 general)<br \/>\n20:00h: Assist\u00e8ncia recepci\u00f3 al primer equip de joventut bisbalenca C.F. per pujar de categoria<br \/>\nDimecres 27<br \/>\n09:00h: Acompanyament a la alcaldessa de Cunit a declarar davant la fiscalia (Tarragona)<br \/>\n12:30h: Atenci\u00f3 ciutadania (sanitat)<br \/>\n18:00h: Reuni\u00f3 amb el serveis d&#8217;informaci\u00f3 i inspecci\u00f3 (correfoc)<br \/>\nDijous 28<br \/>\n12:00h: Atenci\u00f3 veinal (barris)<br \/>\nDivendres 29:<br \/>\n12:30h: Reuni\u00f3 amb el servei de informaci\u00f3 i vigilancia (correfoc)<br \/>\nDisabte 30:<br \/>\n20:30h: Correfoc amb el ball de Diables de la Bisbal i tres colles m\u00e9s<br \/>\nDiumenge 1:<br \/>\nActivitats a la fira<\/p>\n<p><strong>Setmana 2 al 8 d\u2019octubre<\/strong><br \/>\nDilluns 2:<br \/>\n13:00h: Lectura del manifest de rebuig<br \/>\nDimecres 4:<br \/>\n11:00h: Junta de govern<br \/>\nDivendres 6:<br \/>\n10:30h: Visita amb el servei de vigilancia i d&#8217;informaci\u00f3 al cementiri<br \/>\n13:00h: Confirmaci\u00f3 de l&#8217;actuaci\u00f3 de desinsectaci\u00f3 al col\u00b7legi Ull de Vent<\/p>\n<p><strong>Setmana 9 al 15 d\u2019octubre<\/strong><br \/>\nDilluns 9:<br \/>\n12:30h: Reuni\u00f3 comercial llums de nadal<br \/>\nDimarts 10:<br \/>\n10:00h: Reuni\u00f3 amb ciutadania<br \/>\n15:00h: Barcelona<br \/>\nDimecres 11:<br \/>\n13:00h: Visita amb el servei de vigilanci i informaci\u00f3 de Can Gordei<br \/>\n17:00h: Visita a l&#8217;Esplai<br \/>\n18:30h: Visita al barri de la Masieta i barri del Priorat<br \/>\nDivendres 13:<br \/>\n09:30h: Atenci\u00f3 ciutadana barris<br \/>\n11:00h: Actuaci\u00f3 ciutadana nucli<\/p>\n<p><strong>Setmana 16 al 22 d\u2019octubre<\/strong><br \/>\nDilluns 16:<br \/>\n11:00h: Atenci\u00f3 a la ciutadania (Sanitat)<br \/>\n17:00h: Visita al barri de la Miralba<br \/>\nDimarts 17:<br \/>\n10:00h: Visita al barri de Can Gordei<br \/>\n12:00h: Lectura del manifes davant l&#8217;ajuntament<br \/>\n13:00h: Reuni\u00f3 amb representant artistic<br \/>\nDimecres 18:<br \/>\n11:00h: Reuni\u00f3 amb representant artistic<br \/>\n12:30h: Reuni\u00f3 comercial per l&#8217;il\u00b7luminaci\u00f3 (llums de Nadal)<br \/>\nDijous 20:<br \/>\n11:00h: Junta de govern<br \/>\n12:00h: Acte al Vendrell<br \/>\nDivendres 21:<br \/>\n12:00h: Visita al nucli amb la Leo i l&#8217;arquitecte<br \/>\n13:30h: Atenci\u00f3 citadana<br \/>\n20:00h: Reuni\u00f3 amb les associacions dels barris al C.M.C<\/p>\n<p><strong>Setmana 30 d&#8217;octubre al 5 de novembre<\/strong><br \/>\nDimarts 31:<br \/>\n10:30h fins 12:00h: Atenci\u00f3 ciutadania.<br \/>\n12:30h: Recollida de material per la Marat\u00f3 al Vendrell<br \/>\nDijous 2:<br \/>\n10:00h: Atenci\u00f3 citadania<br \/>\n11:00h: Junta de govern<br \/>\nDivendres 3:<br \/>\n11:00h: Atenci\u00f3 ciuadania<br \/>\n12:00h: Reuni\u00f3 de control de plagas<br \/>\nDisabte 4:<br \/>\n20:00h: Visita de l&#8217;assaociaci\u00f3 de festes de Can Gordei.<\/p>\n<p><strong>Setmana 6 al 12 de novembre<\/strong><br \/>\nDimarts 7:<br \/>\n12:00h: Entrevista amb el responsables del control etic de coloms<br \/>\n13:00h: Atenci\u00f3 citadania (Masieta)<br \/>\n13:30h: Reuni\u00f3 amb representant d&#8217;espectacles<br \/>\n14:00h: Eeuni\u00f3 amb el pod\u00f2leg<br \/>\nDijous 9:<br \/>\n10:00h: Reuni\u00f3 amb equip de govern<br \/>\n19:00h: Xerrada al C.M.C per la Marato17<br \/>\nDivendres 10:<br \/>\n12:00h: Reuni\u00f3 amb brigada<br \/>\n13:30h: Reuni\u00f3 amb el servei d&#8217;inspecci\u00f3 i informaci\u00f3<\/p>\n<p><strong>Setmana 13 al 19 de novembre<\/strong><br \/>\nDilluns 13:<br \/>\n10:00h: Atenci\u00f3 citadania<br \/>\n13:30h: Reuni\u00f3 brigada<br \/>\nDimarts 14:<br \/>\n10:00h: Visita Can Gordei amb l&#8217;arquitecte<br \/>\n11:00h: Atenci\u00f3 citadania<br \/>\n12:00h: Reuni\u00f3 brigada<br \/>\nDimecres 15:<br \/>\n20:00h: Reuni\u00f3 ball de diables<br \/>\nDijous 16:<br \/>\n11:30h: Atenci\u00f3 ciutadania<br \/>\n11:00h: Reuni\u00f3 equip de govern<br \/>\nDivendres 17:<br \/>\n09:30h: Atenci\u00f3 citadania l&#8217;Esplai<br \/>\n10:00h: Atenci\u00f3 citadania l&#8217;Esplai<br \/>\n11:00h: Reuni\u00f3 brigada<br \/>\nDiumenge 19:<br \/>\n12:00h: Reinauguraci\u00f3 biblioteca Lloren\u00e7 del Pened\u00e8s<\/p>\n<p><strong>Setmana 20 al 26 de novembre<\/strong><br \/>\nDimarts 21:<br \/>\n09:30h: Atenci\u00f3 ciutadania<br \/>\n12:30h: Atenci\u00f3 ciutadania<br \/>\nDimecres 22:<br \/>\n12:00h: Reunio brigada<br \/>\nDijous 23:<br \/>\n09:30h: Junta de govern<br \/>\n11:30h: Atenci\u00f3 citadania<br \/>\n12:00h: Reuni\u00f3 control de plagas<br \/>\n20:30h: Ple extaordinari<br \/>\nDivendres 24:<br \/>\n10:00h: Reuni\u00f3 servei inpecci\u00f3 i informaci\u00f3<br \/>\n19:00h: Reuni\u00f3 federaci\u00f3 d&#8217;associacion de veins al C.M.C<br \/>\nDisabte 25:<br \/>\n18:00h: Xerrada al C.M.C<\/p>\n<p><strong>Setmana 27 de novembre al 3 de desembre<\/strong><br \/>\nDilluns 27:<br \/>\n09:30h: Reuni\u00f3 de regidors<br \/>\n11:30h: Reuni\u00f3 amb brigada<br \/>\nDimarts 28:<br \/>\n12:30h: Atenci\u00f3 a la ciutadania<br \/>\nDijous 30:<br \/>\n12:30h: Atenci\u00f3 a la ciutadania<br \/>\n13:00h: Reuni\u00f3 amb brigada<br \/>\nDivendres 1:<br \/>\n09:15h: Atenci\u00f3 a la ciutadania<br \/>\n10:00h: Reuni\u00f3 amb brigada<br \/>\n10:30h: Atenci\u00f3 a la ciutadania<br \/>\n13:00h: Reuni\u00f3 president associaci\u00f3 de l&#8217;esplai 14.00h ple extraordinari 17.00h berenar gent grand bon dia<\/p>\n<p><strong>Setmana 4 al 10 de desembre<\/strong><br \/>\nDilluns 4:<br \/>\n09:30h: Atenci\u00f3 a la ciutadania<br \/>\n13:30h: Reuni\u00f3 amb brigada<br \/>\n20:00h: Lectura del manifest<br \/>\nDimarts 5:<br \/>\n09:30h: Reuni\u00f3 amb brigada<br \/>\n10:30h: Atenci\u00f3 a la ciutadania<\/p>\n<p><strong>Setmana 4 al 10 de desembre<\/strong><br \/>\nDilluns 11:<br \/>\n13:00h: Reuni\u00f3 amb encarregat brigada<br \/>\n14.00h: Atenci\u00f3 a la ciutadania<br \/>\n18.30h: Atenci\u00f3 a la ciutadania<br \/>\nDimarts 12:<br \/>\n10:30h: Reuni\u00f3 grup marat\u00f3<br \/>\n12:00h: Atenci\u00f3 a la ciutadania<br \/>\n13:00h: Atenci\u00f3 a la ciutadania<br \/>\n13:30h: Atenci\u00f3 a la ciutadania<br \/>\nDimecres 13:<br \/>\n11:00h: Reuni\u00f3 amb coordinadora ambulatori<br \/>\nDijous 14:<br \/>\n12:00h: Atenci\u00f3 a la ciutadania<br \/>\n13:45h: Reuni\u00f3 federaci\u00f3 associaci\u00f3 de veins<br \/>\nDivendres 15:<br \/>\n11:00h: Reuni\u00f3 servei de inspecci\u00f3 i vigilancia<br \/>\n13:30h: Atenci\u00f3 a la ciutadania<br \/>\n21:30h: Sopar d&#8217;empressa<br \/>\nDisabte 16:<br \/>\n21:30h: Sopar associaci\u00f3 de dones la Roca Foradada<br \/>\nDiumenge 17:<br \/>\n11:00h fins 15:00h: Actes de la Marat\u00f3 al col\u00b7legi Ull de Vent<\/p>\n<p><strong>Setmana 18 al 24 de desembre<\/strong><br \/>\nDilluns 18:<br \/>\n10:00h: Reuni\u00f3 grup de govern<br \/>\n11:00h: Esmortzar grup de dones de la gymn\u00e0stica 19.00h ple ordinari<br \/>\nDimarts 19:<br \/>\n09:45h: Reuni\u00f3 ciutadania<br \/>\n10:15h: Reuni\u00f3 abm el mossen<br \/>\n12.00h: Atenci\u00f3 ciutadania<br \/>\nDimecres 20:<br \/>\n09:30h: Reuni\u00f3 amb la meygessa al cap<br \/>\n10:30h: Reuni\u00f3 mb asociaci\u00f3 de l&#8217;esplai<br \/>\n12:00h: Rnterrament<br \/>\n18:00h: Atenci\u00f3 ciutadania<br \/>\nDijous 21:<br \/>\nEleccions<br \/>\nDivendres 22:<br \/>\n10:00h: Atenci\u00f3 ciutadania<br \/>\n14:00h: Acte lliurament lot de nadal<br \/>\nDisabte 23:<br \/>\n17:30h: Reuni\u00f3 associaci\u00f3 del priorat<\/p>\n<p><strong>Setmana 25 al 31 de desembre<\/strong><br \/>\nDimecres 27:<br \/>\n11.00h: Reuni\u00f3 comercial llums de nadal<br \/>\n17.30h: Reuni\u00f3 associacio de donans de sang de catalunya el vendrell<br \/>\nDijhous 28:<br \/>\n11.00h: Junta de govern<br \/>\n12.45h: Reuni\u00f3 amb representat musical<br \/>\nDivendres 29:<br \/>\n11.00h: Atenci\u00f3 a la ciutadania<br \/>\n12.00h: Atenci\u00f3 a la ciutadania<br \/>\nDiumenge 31:<br \/>\n12.00h: Arribada patges reials a la pista<br \/>\n12.45h: Enterro<\/p>\n","protected":false},"excerpt":{"rendered":"<p>&nbsp; Agenda de setembre a desembre de 2017 Setmana 25 de setembre a 1 d\u2019octubre Dilluns 25: 10:00h: Atenci\u00f3 ciudadana (barris) 12:00h: Atenci\u00f3 ciudadana (informaci\u00f3 general) 20:00h: Assist\u00e8ncia recepci\u00f3 al &hellip; <a href=\"https:\/\/bisbalpenedes.com\/web\/feliu-gil-esteve\/\" class=\"more-link\">Read More<\/a><\/p>\n","protected":false},"author":5,"featured_media":0,"parent":0,"menu_order":0,"comment_status":"closed","ping_status":"closed","template":"","meta":[],"_links":{"self":[{"href":"https:\/\/bisbalpenedes.com\/web\/wp-json\/wp\/v2\/pages\/8667"}],"collection":[{"href":"https:\/\/bisbalpenedes.com\/web\/wp-json\/wp\/v2\/pages"}],"about":[{"href":"https:\/\/bisbalpenedes.com\/web\/wp-json\/wp\/v2\/types\/page"}],"author":[{"embeddable":true,"href":"https:\/\/bisbalpenedes.com\/web\/wp-json\/wp\/v2\/users\/5"}],"replies":[{"embeddable":true,"href":"https:\/\/bisbalpenedes.com\/web\/wp-json\/wp\/v2\/comments?post=8667"}],"version-history":[{"count":8,"href":"https:\/\/bisbalpenedes.com\/web\/wp-json\/wp\/v2\/pages\/8667\/revisions"}],"predecessor-version":[{"id":10174,"href":"https:\/\/bisbalpenedes.com\/web\/wp-json\/wp\/v2\/pages\/8667\/revisions\/10174"}],"wp:attachment":[{"href":"https:\/\/bisbalpenedes.com\/web\/wp-json\/wp\/v2\/media?parent=8667"}],"curies":[{"name":"wp","href":"https:\/\/api.w.org\/{rel}","templated":true}]}}