{"id":8643,"date":"2019-02-04T10:43:55","date_gmt":"2019-02-04T09:43:55","guid":{"rendered":"http:\/\/bisbalpenedes.com\/web\/?page_id=8643"},"modified":"2019-07-17T11:53:39","modified_gmt":"2019-07-17T10:53:39","slug":"leo-uceda-martin-2018-2n-semestre","status":"publish","type":"page","link":"https:\/\/bisbalpenedes.com\/web\/leo-uceda-martin-2018-2n-semestre\/","title":{"rendered":"Leo Uceda Mart\u00edn 2018 &#8211; 2n Semestre"},"content":{"rendered":"<div data-post-id='3403' class='insert-page insert-page-3403 '><\/div>\n<p>&nbsp;<\/p>\n<p><strong><\/p>\n<p style=\"text-align: left;\">Agenda de juliol a desenbre de 2018<\/p>\n<p><\/strong><\/p>\n<p><strong>Setmana 2 al 8 de juliol<\/strong><br \/>\nDilluns 2:<br \/>\n09:00h: Reuni\u00f3 amb Jordina<br \/>\n13:00h: Visita a la piscina<br \/>\n16:30 a 19:30h: Cursets de nataci\u00f3<br \/>\nDimarts 3:<br \/>\n11:00h: Visita a la piscina<br \/>\n16:30 a 19:30h: Cursets de nataci\u00f3<br \/>\nDimecres 4:<br \/>\n11:30h: Visita a la piscina<br \/>\nDijous 5:<br \/>\n10:00h: Reuni\u00f3 amb Consell Esportiu<br \/>\n11:00h: Junta de govern<\/p>\n<p><strong>Setmana 9 al 15 de juliol<\/strong><br \/>\nDimecres 11:<br \/>\n11:00h: Visita a la piscina<br \/>\n13:00h: Reuni\u00f3 amb empresa de recollida de la brossa<br \/>\nDijous 12:<br \/>\n10:00h: Reuni\u00f3 amb cap de la brigada<br \/>\n13:00h: Reuni\u00f3 amb patrocinis d&#8217;esport<br \/>\nDivendres 13:<br \/>\n10:00h: Reuni\u00f3 amb t\u00e8cnics urbanisme<br \/>\nDissabte 14:<br \/>\n21:00h: Sopar a la Miralba<\/p>\n<p><strong>Setmana 16 al 22 de juliol<\/strong><br \/>\nDilluns 16:<br \/>\n11:00h: Visita a la piscina<br \/>\n12:00h: Mesa de contractaci\u00f3 per gestoria<br \/>\n18:00h: Berenar servei bon dia<\/p>\n<p><strong>Setmana 23 al 29 de juliol<\/strong><br \/>\nDijous 26:<br \/>\n11:00h: Visita a la piscina<br \/>\n12:00h: Visita al parc del Priorat i olta per les urbanitzacions per mirar contenidors<br \/>\n16:30-19:30h: Cloenda curs de nataci\u00f3<br \/>\nDivendres 27:<br \/>\n11:00h: Visita al Priorat amb empresa de serveis<br \/>\nDissabte 28:<br \/>\nAl mat\u00ed misa i a la nit sopar a l&#8217;Esplai<br \/>\nDiumenge 29:<br \/>\nActivitats a la tarda a l&#8217;Esplai<\/p>\n<p><strong>Setmana 30 de juliol al 5 d&#8217;agost<\/strong><br \/>\nDilluns 30:<br \/>\n15:00h: Reuni\u00f3 amb representant club ciclista<br \/>\nDimarts 31:<br \/>\n13:00h: Visita al local social de Can Gordei<br \/>\nDimecres 1:<br \/>\n11:00h: Visita a la piscina<br \/>\n18:00h: Signatura conveni amb A.D.F.<br \/>\nDijous 2:<br \/>\n11:00h: Junta de govern<br \/>\nDivendres 3:<br \/>\n10:00h: Reuni\u00f3 amb educadora ambiental<br \/>\n11:00h: Visita a Can Gordei<br \/>\n12:00h: Tasques a la nau de la brigada<br \/>\nDissabte 4:<br \/>\nSopar a Can Gordei<br \/>\nDiumente 5:<br \/>\nTot el mat\u00ed cursa ciclista<\/p>\n<p><strong>Setmana 6 al 12 d&#8217;agost<\/strong><br \/>\nDilluns 6:<br \/>\n11:00h: Visita al Priorat, al local de la Miralba, a la piscina i volta a les urbanitzacions a mirar contenidors<br \/>\nDimarts 7:<br \/>\n12:00h: Visita al camp de futbol pels vestuaris amb t\u00e8cnics<br \/>\nDimecres 8:<br \/>\n10:00h: Reuni\u00f3 amb regidors<br \/>\n11:00h: Tasques a la nau de la brigada<br \/>\nDivendres 10:<br \/>\n11:00h: Visita a la piscina<br \/>\n18:30h: Sorteig ordre castells del 15 d&#8217;agost<br \/>\n20:00h: Activitats al Priorat<br \/>\nDissabte 11:<br \/>\nTorneig 14 hores de futbol sala: de 8:00 a 22:00<br \/>\nDiumenge 12:<br \/>\nAl migdia misa rociera i dinar al Priorat<\/p>\n<p><strong>Setmana 13 al 19 d&#8217;agost<\/strong><br \/>\nDilluns 13:<br \/>\n12:00h: Visita a l&#8217;escola per entregar gots de la festa major<br \/>\nA la tarda actes de la festa major<br \/>\nDimarts 14:<br \/>\n11:00h: Visita a la piscina<br \/>\nA la tarda i la nit actes de la festa major<br \/>\nDimecres 15:<br \/>\nActes de la festa major<br \/>\nDijous 16:<br \/>\nActes de la festa major<br \/>\nDivendres 17:<br \/>\nActes de la festa major<br \/>\nDissabte 18:<br \/>\nActes de la festa major<br \/>\nDiumenge 19:<br \/>\nActes de la festa major<\/p>\n<p><strong>Setmana 20 al 26 d&#8217;agost<\/strong><br \/>\nDilluns 20:<br \/>\n11:00 Visita a la piscina, al vestuaris del camp de futbol, al local de la Miralba,al parc del Priorat i volta a les urbanitzacions a mirar contenidors<br \/>\nDimecres 22:<br \/>\n12:00 Ple de la moci\u00f3 de censura<br \/>\nDivendres 24:<br \/>\nReuni\u00f3 amb directora de la llar<br \/>\nDivendres 31:<br \/>\n11:00 Junta de govern<br \/>\nDissabte 1:<br \/>\n12:00h: Vermouth electr\u00f2nic Som Festa<\/p>\n<p><strong>Setmana 3 al 9 de setembre<\/strong><br \/>\nDilluns 3:<br \/>\n12:30h: Visita als vestuaris del camp de futbol, a l&#8217;escola a parlar amb director i volta per les urbanitzacion a mirar contenidors<br \/>\nDimarts 4:<br \/>\n10:00h: Reuni\u00f3 al Vendrell sobre tema banc d&#8217;aliments amb regidor de benestar social<br \/>\n12:00h: Visita amb el conserge al pati de l&#8217;escola<br \/>\n13:00h: Visita a la llar d&#8217;infants<br \/>\nDimecres 5:<br \/>\n09:00h: Reuni\u00f3 regidors<br \/>\nDijous 6:<br \/>\n09:00h: Reuni\u00f3 amb escola d&#8217;idiomes<br \/>\n10:30h: Reuni\u00f3 regidors<br \/>\n11:00h: Junta de govern<\/p>\n<p><strong>Setmana 10 al 16 de setembre<\/strong><br \/>\nDilluns 10:<br \/>\n10:00h: Visita a l&#8217;escola amb director<br \/>\nSopar, espectacle i Dj&#8217;s Som Festa<br \/>\nDimecres 12:<br \/>\n09:00h: Visita a l&#8217;escola per revisar pati<br \/>\n19:00h: Reuni\u00f3 amb Ampa<br \/>\nDijous 13:<br \/>\n09:30h: Reuni\u00f3 amb t\u00e8cnica de Joventut<br \/>\n10:30h: Visita camp de futbol amb empresa<br \/>\n11:30h: Visita vestuaris<br \/>\nDivendres 14:<br \/>\n09:00h: Reuni\u00f3 sobre treballs en benefici de la comunitat<\/p>\n<p><strong>Setmana 17 al 23 de setembre<\/strong><br \/>\nDilluns 17:<br \/>\n09:00h: Reuni\u00f3 regidors<br \/>\nDimecres 19:<br \/>\nGestions diverses amb menjador, escola i llar sobre el tema de l&#8217;aigua<br \/>\nDijous 20:<br \/>\n13:00h: Reuni\u00f3 amb empresa de l&#8217;aigua<br \/>\nDivendres 21:<br \/>\n10:00h: Reuni\u00f3 regidors<br \/>\nVisita als vestuaris, jaridineres, pol\u00edgon i parking institut<\/p>\n<p><strong>Setmana 24 al 30 de setembre<\/strong><br \/>\nDilluns 24:<br \/>\n10:00h: Sortida amb l\u2019arquitecte i el cap de la brigada per problema a la via p\u00fablica -17:00 Reuni\u00f3 amb enginyer per tema depuradora de l\u2019Esplai<br \/>\nDimarts 25:<br \/>\n09:00h: Reuni\u00f3 amb regidors<br \/>\n11:00h: Reuni\u00f3 amb veina per una problem\u00e0tica de gats<br \/>\nDimecres 26:<br \/>\n12:00h: Reuni\u00f3 amb director de l\u2019escola<br \/>\n13:00h: Visita al parc del Priorat<br \/>\nDijous 27:<br \/>\n11:00h: Reuni\u00f3 amb caps de brigada<br \/>\n12:00h: Visita als vestuaris del camp de futbol -14:00 Reuni\u00f3 amb la t\u00e9cnica joventut<br \/>\nDivendres 28:<br \/>\n10:00h: Reuni\u00f3 amb cap de brigada<br \/>\n11:00h: Junta de Govern Local<\/p>\n<p><strong>Setmana 1 al 7 d&#8217;octubre<\/strong><br \/>\nDilluns 1:<br \/>\n16:15h: Acompanyament a l\u2019inici de l\u2019escola d\u2019idiomes a l\u2019escola<br \/>\nDimarts 2:<br \/>\n11:00h: Visita als vestuaris del camp de futbol<br \/>\nDimecres 3:<br \/>\n09:30h: Reuni\u00f3 regidors<br \/>\nDijous 4:<br \/>\n11:00h: Reuni\u00f3 amb caps de brigada<br \/>\nDivendres 5:<br \/>\nMat\u00ed: pintura de les parades de la fira -20:00 Recepci\u00f3 Benjam\u00ed A de Joventut Bisbalenca C.F.<\/p>\n<p><strong>Setmana 8 al 14 d&#8217;octubre<\/strong><br \/>\nDilluns 8:<br \/>\n09:30h: Reuni\u00f3 regidors<br \/>\nDimarts 9:<br \/>\n09:30h: Reuni\u00f3 amb ve\u00ed per problem\u00e0tica al seu carrer<br \/>\nDimecres 10:<br \/>\n10:15h: Reuni\u00f3 amb directora de la llar<br \/>\n18:00h: Inauguraci\u00f3 Curs Escolar 2018-2019 a l\u2019Escola de M\u00fasica Pau Casals<br \/>\nDijous 11:<br \/>\nJunta de Govern Local<br \/>\nDivendres 12:<br \/>\n11:00h: Reuni\u00f3 amb caps de brigada<\/p>\n<p><strong>Setmana 15 al 21 d&#8217;octubre<\/strong><br \/>\nDilluns 15:<br \/>\n09:30h: Reuni\u00f3 regidors<br \/>\nDimarts 16:<br \/>\n12:30h: Consell escolar de l\u2019Escola Ull de Vent -17:00 Tarda informativa a l\u2019Urbanitzaci\u00f3 Priorat de La Bisbal<br \/>\nDimecres 17 d\u2019octubre:<br \/>\n10:30h: Visita a les obres al carrer al costat de l\u2019Avinguda Colom -11:00 Comprovaci\u00f3 de l\u2019ubicaci\u00f3 de les torretes<br \/>\nDijous 18:<br \/>\n11:00h: Reuni\u00f3 amb alcaldessa<br \/>\nDivendres 19:<br \/>\n10:30h: Reuni\u00f3 amb caps de brigada<br \/>\n12:00h: Reuni\u00f3 amb empresa adjudicada a la campanya de l\u2019org\u00e0nica<br \/>\nDissabte 20:<br \/>\n17:00h: Tarda informativa a l\u2019Urbanitzaci\u00f3 Priorat de La Bisbal<\/p>\n<p><strong>Setmana 22 al 28 d&#8217;octubre<\/strong><br \/>\nDilluns 22:<br \/>\n12:00h: Visita als vestuaris del camp de futbol -17:30 Reuni\u00f3 amb encarregada d\u2019empresa de serveis -19:00 Taller de nutrici\u00f3<br \/>\nDimarts 23:<br \/>\nReuni\u00f3 sobre Garantia Juvenil<br \/>\nReuni\u00f3 amb director de l\u2019Escola Ull de Vent per signar el conveni -Visita al banc d\u2019aliments<br \/>\nDimecres 24:<br \/>\n10:30h: Reuni\u00f3 amb cap de brigada<br \/>\n12:00h: Reuni\u00f3 en relaci\u00f3 als treballs en benefici de la comunitat -19:00 Reuni\u00f3 amb sindicat de polic\u00eda<br \/>\nDijous 25:<br \/>\n11:00h: Junta de Govern Local<br \/>\n12:30h: Reuni\u00f3 a l\u2019escola amb mestres<br \/>\n19:30h: Presentaci\u00f3 llibre de Lloren\u00e7 Aviny\u00f3, \u201cEl llegat del saur\u00ed\u201d<br \/>\nDivendres 26:<br \/>\n09:30h: Visita als vestuaris del camp de futbol -11:00 Reuni\u00f3 amb caps de brigada<\/p>\n<p><strong>Setmana 29 d&#8217;octubre al 4 de novembre<\/strong><br \/>\nDilluns 29:<br \/>\n20:00h: Benvinguda nous empadronats<br \/>\nDimarts 30:<br \/>\n09:00h: Visita al torrent i al carrer al costat de l\u2019Avinguda Colom amb el cap de brigada -13:00 Reuni\u00f3 amb empresa adjudicada dels cubells i les bosses de la campanya d\u2019org\u00e0nica<br \/>\nDimecres 31:<br \/>\n10:30h: Reuni\u00f3 amb brigada i agents d\u2019inspecci\u00f3<br \/>\nDissabte 3:<br \/>\n17:00h: Tarda informativa a l\u2019Urbanitzaci\u00f3 Can Gordei<\/p>\n<p><strong>Setmana 5 al 11 de novembre<\/strong><br \/>\nDilluns 5:<br \/>\nReuni\u00f3 amb ve\u00efna per tema particular<br \/>\nDimarts 6:<br \/>\n11:00h: Visita pels camins per pluges<br \/>\nDimecres 7:<br \/>\n09:00h: Signatura de Conveni de Col\u2022laboraci\u00f3 amb la Caixa -11:00 Comissi\u00f3 seguiment Aqualia<br \/>\nDijous 8:<br \/>\n09:00h: Junta de Govern Local<br \/>\n12:00h: Reuni\u00f3 regidors<br \/>\nDivendres 9:<br \/>\n09:00h: Junta de Govern Local<br \/>\n11:00h: Reuni\u00f3 amb els caps de brigada<\/p>\n<p><strong>Setmana 12 al 18 de novembre<\/strong><br \/>\nDilluns 12:<br \/>\n17:45h: Consell Escolar Institut Coster de la Torre<br \/>\nDimarts 13:<br \/>\n10:00h: Reuni\u00f3 regidors<br \/>\nDimecres 14:<br \/>\n11:00h: Volta pel torrent amb enginyer i caps de brigada -12:00 Reuni\u00f3 amb educadors de carrer -17:00 Reuni\u00f3 amb enginyer per parlar de la depuradora de l\u2019Esplai<br \/>\nDijous 15:<br \/>\n09:30h: Reuni\u00f3 amb regidors<br \/>\n11:00h: Reuni\u00f3 amb comercials d\u2019empresa<br \/>\n12:00h: Reuni\u00f3 amb caps de brigada<br \/>\nDivendres 16:<br \/>\n09:30h: Reuni\u00f3 al Consell Comarcal pel tema depuradora de l\u2019Esplai -11:30 Junta de Govern Extraordinaria<br \/>\nDissabte 17:<br \/>\n17:00h: Tarda informativa a l\u2019Urbanitzaci\u00f3 L\u2019Esplai<\/p>\n<p><strong>Setmana 19 al 25 de novembre<\/strong><br \/>\nDilluns 19:<br \/>\n10:00h: Reuni\u00f3 amb Fundaci\u00f3 Santa Teresa<br \/>\n11:30h: Reuni\u00f3 amb ve\u00efna per tema de contenidor de poda -14:00 Reuni\u00f3 amb P\u00e0mies arquitectes pel projecte del poliesportiu municipal<br \/>\nDimarts 20:<br \/>\n20:30h: Reuni\u00f3 amb Junta directiva de Joventut Bisbalenca<br \/>\nDimecres 21:<br \/>\n10:30h: Reuni\u00f3 amb la directora de la llar d\u2019infants<br \/>\nDijous 22:<br \/>\n09:15h: Reuni\u00f3 amb l\u2019empresa 7 i tria (menjador escolar)<br \/>\n10:00h: Visita Delegat del Govern de la Generalitat Pere Regull<br \/>\nDivendres 23:<br \/>\n11:00h: Reuni\u00f3 amb caps de brigada<\/p>\n<p><strong>Setmana 26 de novembre a 2 de desembre<\/strong><br \/>\nDilluns 26:<br \/>\n09:30h: Junta de Govern Local<br \/>\nDimarts 27:<br \/>\n09:30h: Reuni\u00f3 regidors pel projecte Integra\u2019ls -11:30 Presentaci\u00f3 del projecte Integra\u2019ls a El Corte Ingl\u00e9s -17:00 Tarda informativa a La Miralba<br \/>\nDimecres 28:<br \/>\n17:00h: Reuni\u00f3 amb Coordinadora Felina de Tarragona<br \/>\nDijous 29:<br \/>\n16:00h: Lliurament premi d\u2019Aqualia a una alumna de l\u2019escola<br \/>\nDivendres 30:<br \/>\n10:00h: Visita a l\u2019Esplia amb Fundaci\u00f3 Santa Tecla<br \/>\nDiumenge 2:<br \/>\nTot el mat\u00ed  Presentaci\u00f3  temporada 2018-2019 dels equips de Joventut Bisbalenca C.F.<\/p>\n<p><strong>Setmana 3 al 9 de desembre<\/strong><br \/>\nDilluns 3:<br \/>\n09:00h: Reuni\u00f3 regidors<br \/>\nDimarts 4:<br \/>\n09:00h: Reuni\u00f3 amb 7 i tria (menjador escolar)<\/p>\n<p><strong>Setmana 10 al 16 de desembre<\/strong><br \/>\nDilluns 10:<br \/>\n12:00h: Junta de Govern<br \/>\nDimarts 11:<br \/>\n09:30h: Sortida per informacions del pressupost participatiu<br \/>\nDimecres 12:<br \/>\n11:00h: Visita a la llar d\u2019infants i reuni\u00f3 amb la directora -19:00 Xerrada sobre estalvi en la factura de la llum<br \/>\nDijous 13:<br \/>\n19:30h: Reuni\u00f3 de Joventut al Consell Comarcal del Baix Pened\u00e8s<br \/>\nDivendres 14:<br \/>\n09:00h: Reuni\u00f3 regidors<br \/>\n11:00h: Xerrada sobre el c\u00e1ncer<br \/>\nDiumenge 16:<br \/>\n11:00h: Actes de la Marat\u00f3<\/p>\n<p><strong>Setmana 17 al 23 de desembre<\/strong><br \/>\nDilluns 17:<br \/>\n13:30h: Dinar del Servei Bon dia<br \/>\n19:00h: Ple ordinari<br \/>\nDimarts 18:<br \/>\n10:00h: Reuni\u00f3 amb caps de brigada<br \/>\nDimecres 19:<br \/>\n09:00h: Reuni\u00f3 regidors<br \/>\n19:00h: Audici\u00f3 guitarra de l\u2019escola de m\u00fasica<br \/>\nDijous 20:<br \/>\n10:00h: Comissi\u00f3 de seguiment d\u2019Aqualia<br \/>\n19:00h: Audici\u00f3 bateries i piano de l\u2019escola de m\u00fasica<br \/>\nDivendres 21:<br \/>\n11:00h: Reuni\u00f3 amb caps de brigada<br \/>\n17:00h: Audici\u00f3 piano de l\u2019escola de m\u00fasica<br \/>\nDissabte 22:<br \/>\n11:00h: Audici\u00f3 de conjunt de l\u2019escola de m\u00fasica<\/p>\n<p><strong>Setmana 24 al 30 de desembre<\/strong><br \/>\nDilluns 24:<br \/>\n13:00h: Ple extraordinari<br \/>\nDijous 27:<br \/>\n09:00h: Reuni\u00f3 de regidors<\/p>\n","protected":false},"excerpt":{"rendered":"<p>&nbsp; Agenda de juliol a desenbre de 2018 Setmana 2 al 8 de juliol Dilluns 2: 09:00h: Reuni\u00f3 amb Jordina 13:00h: Visita a la piscina 16:30 a 19:30h: Cursets de &hellip; <a href=\"https:\/\/bisbalpenedes.com\/web\/leo-uceda-martin\/\" class=\"more-link\">Read More<\/a><\/p>\n","protected":false},"author":5,"featured_media":0,"parent":0,"menu_order":0,"comment_status":"closed","ping_status":"closed","template":"","meta":[],"_links":{"self":[{"href":"https:\/\/bisbalpenedes.com\/web\/wp-json\/wp\/v2\/pages\/8643"}],"collection":[{"href":"https:\/\/bisbalpenedes.com\/web\/wp-json\/wp\/v2\/pages"}],"about":[{"href":"https:\/\/bisbalpenedes.com\/web\/wp-json\/wp\/v2\/types\/page"}],"author":[{"embeddable":true,"href":"https:\/\/bisbalpenedes.com\/web\/wp-json\/wp\/v2\/users\/5"}],"replies":[{"embeddable":true,"href":"https:\/\/bisbalpenedes.com\/web\/wp-json\/wp\/v2\/comments?post=8643"}],"version-history":[{"count":6,"href":"https:\/\/bisbalpenedes.com\/web\/wp-json\/wp\/v2\/pages\/8643\/revisions"}],"predecessor-version":[{"id":10184,"href":"https:\/\/bisbalpenedes.com\/web\/wp-json\/wp\/v2\/pages\/8643\/revisions\/10184"}],"wp:attachment":[{"href":"https:\/\/bisbalpenedes.com\/web\/wp-json\/wp\/v2\/media?parent=8643"}],"curies":[{"name":"wp","href":"https:\/\/api.w.org\/{rel}","templated":true}]}}