{"id":5187,"date":"2018-03-23T12:23:06","date_gmt":"2018-03-23T11:23:06","guid":{"rendered":"http:\/\/bisbalpenedes.com\/web\/?page_id=5187"},"modified":"2021-02-22T22:44:41","modified_gmt":"2021-02-22T20:44:41","slug":"departament-de-premsa","status":"publish","type":"page","link":"https:\/\/bisbalpenedes.com\/web\/departament-de-premsa\/","title":{"rendered":"Departament de premsa"},"content":{"rendered":"<h3><span style=\"color: #000000;\">Tel\u00e8fon de contacte: 696310193<\/span><\/h3>\n<h3><span style=\"color: #000000;\">Correu electr\u00f2nic:<\/span> <a href=\"mailto:premsa@bisbalpenedes.com\" target=\"_blank\" rel=\"noopener\">premsa@bisbalpenedes.com<\/a><\/h3>\n<hr \/>\n<p><span style=\"color: #000000;\"><span style=\"text-decoration: underline;\"><strong>Important:<\/strong><\/span>\u00a0en aquest correu electr\u00f2nic nom\u00e9s s&#8217;atendran aquelles comunicacions que tinguin a veure amb el departament de Premsa i Comunicaci\u00f3 de l&#8217;Ajuntament de la Bisbal del Pened\u00e8s. Per a qualsevol altra consulta o gesti\u00f3, cal que us adreceu a:<\/span><\/p>\n<p style=\"padding-left: 30px;\"><span style=\"color: #000000;\">Cr. Major, 21. 43717 La Bisbal del Pened\u00e8s &#8211; Tarragona Tel. 977688438 &#8211;<\/span> <a href=\"mailto:info@bisbalpenedes.com\" target=\"_blank\" rel=\"noopener\">info@bisbalpenedes.com<\/a><\/p>\n<p><span style=\"color: #000000;\">Tamb\u00e9 us podeu adre\u00e7ar a la seu electr\u00f2nica de l&#8217;Ajuntament de la Bisbal del Pened\u00e8s:<\/span>\u00a0<a href=\"https:\/\/bisbalpenedes.eadministracio.cat\/info.0\" target=\"_blank\" rel=\"noopener\">https:\/\/bisbalpenedes.eadministracio.cat\/info.0<\/a><\/p>\n<p>\u00a0<\/p>\n<p>Drets de les imatges web publicades<\/p>\n<ul>\n<li>Webpage Home icon (Covid) from Pikisuperstar on www.freepik.com.<a href=\"https:\/\/www.freepik.com\/vectors\/instagram\"> More info<\/a><\/li>\n<\/ul>\n","protected":false},"excerpt":{"rendered":"<p>Tel\u00e8fon de contacte: 696310193 Correu electr\u00f2nic: premsa@bisbalpenedes.com Important:\u00a0en aquest correu electr\u00f2nic nom\u00e9s s&#8217;atendran aquelles comunicacions que tinguin a veure amb el departament de Premsa i Comunicaci\u00f3 de l&#8217;Ajuntament de la &hellip; <a href=\"https:\/\/bisbalpenedes.com\/web\/departament-de-premsa\/\" class=\"more-link\">Read More<\/a><\/p>\n","protected":false},"author":4,"featured_media":0,"parent":0,"menu_order":0,"comment_status":"closed","ping_status":"closed","template":"","meta":[],"_links":{"self":[{"href":"https:\/\/bisbalpenedes.com\/web\/wp-json\/wp\/v2\/pages\/5187"}],"collection":[{"href":"https:\/\/bisbalpenedes.com\/web\/wp-json\/wp\/v2\/pages"}],"about":[{"href":"https:\/\/bisbalpenedes.com\/web\/wp-json\/wp\/v2\/types\/page"}],"author":[{"embeddable":true,"href":"https:\/\/bisbalpenedes.com\/web\/wp-json\/wp\/v2\/users\/4"}],"replies":[{"embeddable":true,"href":"https:\/\/bisbalpenedes.com\/web\/wp-json\/wp\/v2\/comments?post=5187"}],"version-history":[{"count":8,"href":"https:\/\/bisbalpenedes.com\/web\/wp-json\/wp\/v2\/pages\/5187\/revisions"}],"predecessor-version":[{"id":16564,"href":"https:\/\/bisbalpenedes.com\/web\/wp-json\/wp\/v2\/pages\/5187\/revisions\/16564"}],"wp:attachment":[{"href":"https:\/\/bisbalpenedes.com\/web\/wp-json\/wp\/v2\/media?parent=5187"}],"curies":[{"name":"wp","href":"https:\/\/api.w.org\/{rel}","templated":true}]}}