{"id":3218,"date":"2017-09-27T16:07:43","date_gmt":"2017-09-27T10:07:43","guid":{"rendered":"http:\/\/bisbalpenedes.com\/web\/?page_id=3218"},"modified":"2023-09-13T09:13:43","modified_gmt":"2023-09-13T07:13:43","slug":"agnes-ferre","status":"publish","type":"page","link":"https:\/\/bisbalpenedes.com\/web\/agnes-ferre\/","title":{"rendered":"Agn\u00e8s Ferr\u00e9 Ca\u00f1ellas"},"content":{"rendered":"<p><img loading=\"lazy\" class=\"wp-image-26194 size-medium alignright\" src=\"https:\/\/bisbalpenedes.com\/web\/wp-content\/uploads\/2023\/07\/Agnes-benvinguda-300x225.jpeg\" alt=\"\" width=\"300\" height=\"225\" srcset=\"https:\/\/bisbalpenedes.com\/web\/wp-content\/uploads\/2023\/07\/Agnes-benvinguda-300x225.jpeg 300w, https:\/\/bisbalpenedes.com\/web\/wp-content\/uploads\/2023\/07\/Agnes-benvinguda-1024x768.jpeg 1024w, https:\/\/bisbalpenedes.com\/web\/wp-content\/uploads\/2023\/07\/Agnes-benvinguda-768x576.jpeg 768w, https:\/\/bisbalpenedes.com\/web\/wp-content\/uploads\/2023\/07\/Agnes-benvinguda-1536x1152.jpeg 1536w, https:\/\/bisbalpenedes.com\/web\/wp-content\/uploads\/2023\/07\/Agnes-benvinguda-2048x1536.jpeg 2048w, https:\/\/bisbalpenedes.com\/web\/wp-content\/uploads\/2023\/07\/Agnes-benvinguda-600x450.jpeg 600w\" sizes=\"(max-width: 300px) 100vw, 300px\" \/><\/p>\n<p><strong>Agenda d&#8217;Agn\u00e8s Ferr\u00e9 Ca\u00f1ellas. Comprom\u00eds.<\/strong><\/p>\n<p>Regidora de serveis centrals, d\u2019hisenda, de l\u2019abastament d\u2019aigua, d\u2019urbanisme i patrimoni i d\u2019empresa i ocupaci\u00f3.<\/p>\n<p><strong>Correu electr\u00f2nic:<a href=\"mailto:agnes@bisbalpenedes.com\"><em> agnes@bisbalpenedes.com<\/em><\/a><\/strong><\/p>\n<p>FORMAT PDF:<\/p>\n<p><a href=\"https:\/\/bisbalpenedes.com\/web\/wp-content\/uploads\/2023\/09\/AGENDA-AGNES-FERRE-SETEMBRE-2023.pdf\" target=\"_blank\" rel=\"noopener\">| AGENDA SETEMBRE 2023 |<\/a><\/p>\n<p><a href=\"https:\/\/bisbalpenedes.com\/web\/wp-content\/uploads\/2023\/09\/AGENDA-AGNES-FERRE-AGOST-2023.pdf\" target=\"_blank\" rel=\"noopener\">| AGENDA AGOST 2023 |<\/a><\/p>\n<p><a href=\"https:\/\/bisbalpenedes.com\/web\/wp-content\/uploads\/2023\/07\/AGENDA-AGNES-FERRE-JULIOL-2023-1.pdf\" target=\"_blank\" rel=\"noopener\">| AGENDA JULIOL 2023 |<\/a><\/p>\n<p><a href=\"https:\/\/bisbalpenedes.com\/web\/wp-content\/uploads\/2023\/07\/AGENDA-AGNES-FERRE-JUNY-2023-1.pdf\" target=\"_blank\" rel=\"noopener\">| AGENDA JUNY 2023 |<\/a><\/p>\n<p><a href=\"https:\/\/bisbalpenedes.com\/web\/wp-content\/uploads\/2023\/07\/AGENDA-AGNES-FERRE-MAIG-2023.pdf\" target=\"_blank\" rel=\"noopener\">| AGENDA MAIG 2023 |<\/a><\/p>\n<p><a href=\"https:\/\/bisbalpenedes.com\/web\/wp-content\/uploads\/2023\/07\/AGENDA-AGNES-FERRE-ABRIL-2023.pdf\" target=\"_blank\" rel=\"noopener\">| AGENDA ABRIL 2023 |<\/a><\/p>\n<p><a href=\"https:\/\/bisbalpenedes.com\/web\/wp-content\/uploads\/2023\/07\/AGENDA-AGNES-FERRE-MARC-2023.pdf\" target=\"_blank\" rel=\"noopener\">| AGENDA MAR\u00c7 2023 |<\/a><\/p>\n<p><a href=\"https:\/\/bisbalpenedes.com\/web\/wp-content\/uploads\/2023\/07\/AGENDA-AGNES-FERRE-FEBRER-2023.pdf\" target=\"_blank\" rel=\"noopener\">| AGENDA FEBRER 2023 |<\/a><\/p>\n<p><a href=\"https:\/\/bisbalpenedes.com\/web\/wp-content\/uploads\/2023\/07\/AGENDA-AGNES-FERRE-GENER-2023.pdf\" target=\"_blank\" rel=\"noopener\">| AGENDA GENER 2023 |<\/a><\/p>\n<p><a href=\"https:\/\/bisbalpenedes.com\/web\/wp-content\/uploads\/2023\/07\/AGENDA-AGNES-FERRE-DESEMBRE-2022.pdf\" target=\"_blank\" rel=\"noopener\">| AGENDA DESEMBRE 2022 |<\/a><\/p>\n<p><a href=\"https:\/\/bisbalpenedes.com\/web\/wp-content\/uploads\/2023\/07\/AGENDA-AGNES-FERRE-NOVEMBRE-2022.pdf\" target=\"_blank\" rel=\"noopener\">| AGENDA NOVEMBRE 2022 |<\/a><\/p>\n<p><a href=\"https:\/\/bisbalpenedes.com\/web\/wp-content\/uploads\/2022\/11\/Agenda-Octubre-2022.pdf\" target=\"_blank\" rel=\"noopener\">| AGENDA OCTUBRE 2022 |<\/a><\/p>\n<p><a href=\"https:\/\/bisbalpenedes.com\/web\/wp-content\/uploads\/2022\/10\/AGENDA-AGNES-FERRE-SETEMBRE-2022.pdf\">| AGENDA SETEMBRE 2022 |<\/a><\/p>\n<p><a href=\"https:\/\/bisbalpenedes.com\/web\/wp-content\/uploads\/2022\/10\/AGENDA-AGNES-FERRE-AGOST-2022.pdf\">| AGENDA AGOST 2022 |<\/a><\/p>\n<p><a href=\"https:\/\/bisbalpenedes.com\/web\/wp-content\/uploads\/2022\/10\/AGENDA-AGNES-FERRE-JULIOL-2022.pdf\">| AGENDA JULIOL 2022 |<\/a><\/p>\n<p><a href=\"https:\/\/bisbalpenedes.com\/web\/wp-content\/uploads\/2022\/10\/AGENDA-AGNES-FERRE-JUNY-2022.pdf\">| AGENDA JUNY 2022 |<\/a><\/p>\n<p><a href=\"https:\/\/bisbalpenedes.com\/web\/wp-content\/uploads\/2022\/10\/AGENDA-AGNES-FERRE-MAIG-2022.pdf\">| AGENDA MAIG 2022 |<\/a><\/p>\n<p><a href=\"https:\/\/bisbalpenedes.com\/web\/wp-content\/uploads\/2022\/10\/AGENDA-AGNES-FERRE-ABRIL-2022.pdf\">| AGENDA ABRIL 2022 |<\/a><\/p>\n<p>|<a href=\"https:\/\/bisbalpenedes.com\/web\/agnes-ferre-canellas-2022-1r-semestre\/\"> AGENDA 2022 &#8211; GENER FEBRER MAR\u00c7 2022|<\/a><\/p>\n<p style=\"text-align: left;\"><a href=\"bisbalpenedes.com\/web\/agnes-ferre-canellas-2021-1r-semestre\/\">| AGENDA 2021 &#8211; 1r Semestre <\/a><a href=\"bisbalpenedes.com\/web\/agnes-ferre-canellas-2021-2n-semestre\/\">| AGENDA 2021 &#8211; 2n Semestre <\/a><\/p>\n<p style=\"text-align: left;\"><a href=\"bisbalpenedes.com\/web\/agnes-ferre-canellas-2020-1r-semestre\/\">| AGENDA 2020 &#8211; 1r Semestre <\/a><a href=\"bisbalpenedes.com\/web\/agnes-ferre-canellas-2020-2n-semestre\/\">| AGENDA 2020 &#8211; 2n Semestre <\/a><\/p>\n<p style=\"text-align: left;\"><a href=\"bisbalpenedes.com\/web\/agnes-ferre-canellas-2019-1r-semestre\/\">| AGENDA 2019 &#8211; 1r Semestre <\/a><a href=\"bisbalpenedes.com\/web\/agnes-ferre-canellas-2019-2n-semestre\/\">| AGENDA 2019 &#8211; 2n Semestre <\/a><\/p>\n<p style=\"text-align: left;\"><a href=\"bisbalpenedes.com\/web\/agnes-ferre-canellas-2018-1r-semestre\/\">| AGENDA 2018 &#8211; 1r Semestre <\/a><a href=\"bisbalpenedes.com\/web\/agnes-ferre-canellas-2018-2n-semestre\/\">| AGENDA 2018 &#8211; 2n Semestre <\/a><\/p>\n<p style=\"text-align: left;\"><a href=\"http:\/\/bisbalpenedes.com\/web\/agnes-ferre-canellas-2017\/\">| AGENDA 2017<\/a><\/p>\n","protected":false},"excerpt":{"rendered":"<p>Agenda d&#8217;Agn\u00e8s Ferr\u00e9 Ca\u00f1ellas. Comprom\u00eds. Regidora de serveis centrals, d\u2019hisenda, de l\u2019abastament d\u2019aigua, d\u2019urbanisme i patrimoni i d\u2019empresa i ocupaci\u00f3. Correu electr\u00f2nic: agnes@bisbalpenedes.com FORMAT PDF: | AGENDA SETEMBRE 2023 | &hellip; <a href=\"https:\/\/bisbalpenedes.com\/web\/agnes-ferre\/\" class=\"more-link\">Read More<\/a><\/p>\n","protected":false},"author":1,"featured_media":0,"parent":0,"menu_order":0,"comment_status":"closed","ping_status":"closed","template":"","meta":[],"_links":{"self":[{"href":"https:\/\/bisbalpenedes.com\/web\/wp-json\/wp\/v2\/pages\/3218"}],"collection":[{"href":"https:\/\/bisbalpenedes.com\/web\/wp-json\/wp\/v2\/pages"}],"about":[{"href":"https:\/\/bisbalpenedes.com\/web\/wp-json\/wp\/v2\/types\/page"}],"author":[{"embeddable":true,"href":"https:\/\/bisbalpenedes.com\/web\/wp-json\/wp\/v2\/users\/1"}],"replies":[{"embeddable":true,"href":"https:\/\/bisbalpenedes.com\/web\/wp-json\/wp\/v2\/comments?post=3218"}],"version-history":[{"count":95,"href":"https:\/\/bisbalpenedes.com\/web\/wp-json\/wp\/v2\/pages\/3218\/revisions"}],"predecessor-version":[{"id":27515,"href":"https:\/\/bisbalpenedes.com\/web\/wp-json\/wp\/v2\/pages\/3218\/revisions\/27515"}],"wp:attachment":[{"href":"https:\/\/bisbalpenedes.com\/web\/wp-json\/wp\/v2\/media?parent=3218"}],"curies":[{"name":"wp","href":"https:\/\/api.w.org\/{rel}","templated":true}]}}