{"id":29989,"date":"2024-04-24T14:22:02","date_gmt":"2024-04-24T12:22:02","guid":{"rendered":"https:\/\/bisbalpenedes.com\/web\/?page_id=29989"},"modified":"2025-05-06T14:31:37","modified_gmt":"2025-05-06T12:31:37","slug":"bjoy","status":"publish","type":"page","link":"https:\/\/bisbalpenedes.com\/web\/bjoy\/","title":{"rendered":"BJOY"},"content":{"rendered":"\n<p>El 17 I 18 de maig de 2025 no et perdis la Segonna Fira Local d&#8217;Oci i Joventut BJOY a la Bisbal del Pened\u00e8s. Les activitats estan organitzades per a nois i noies d&#8217;11 a 25 anys, per la Regidoria de Joventut <\/p>\n\n\n\n<p>Hi ha activitats per a les quals s&#8217;havia de fer inscripci\u00f3 pr\u00e8via perqu\u00e8 tenen un l\u00edmit de participants. Totes les activitats i inscripcions son gratu\u00eftes. <\/p>\n\n\n\n<p>Per a qualsevol dubte o suggeriment podeu enviar un email a <a rel=\"noreferrer noopener\" href=\"mailto:bjoy@bisbalpenedes.com\" target=\"_blank\">bjoy@bisbalpenedes.com<\/a><\/p>\n\n\n\n<p class=\"has-text-align-center has-luminous-vivid-amber-background-color has-background has-medium-font-size\">inscripcions<\/p>\n\n\n\n<div style=\"display:none\" class=\"fm-form-container fm-theme1\"><div id=\"fm-pages6\" class=\"fm-pages wdform_page_navigation \" show_title=\"\" show_numbers=\"1\" type=\"none\"><\/div><form name=\"form6\" action=\"\/web\/wp-json\/wp\/v2\/pages\/29989\" method=\"post\" id=\"form6\" class=\"fm-form form6  \" enctype=\"multipart\/form-data\"><input type=\"hidden\" id=\"fm_page_id6\" value=\"29989\" name=\"fm_page_id6\" \/><input type=\"hidden\" id=\"fm_current_post_type6\" value=\"page\" name=\"fm_current_post_type6\" \/><input type=\"hidden\" id=\"counter6\" value=\"22\" name=\"counter6\" \/><input type=\"hidden\" id=\"Itemid6\" value=\"\" name=\"Itemid6\" \/><input type=\"hidden\" id=\"fm_shake6\" value=\"1\" name=\"fm_shake6\" \/><input type=\"text\" class=\"fm-hide\" id=\"fm_empty_field_validation6\" value=\"\" name=\"fm_empty_field_validation6\" data-value=\"bd736efb144d599cf463541431fbf5c4\" \/><div class=\"wdform-page-and-images fm-form-builder\"><div id=\"6form_view1\" class=\"wdform_page\" page_title=\"Untitled page\" next_title=\"Next\" next_type=\"text\" next_class=\"wdform-page-button\" next_checkable=\"true\" previous_title=\"Previous\" previous_type=\"text\" previous_class=\"wdform-page-button\" previous_checkable=\"false\"><div class=\"wdform_section\"><div class=\"wdform_column\"><div wdid=\"2\" class=\"wdform_row\"><div type=\"type_name\" class=\"wdform-field wd-width-100 wd-flex wd-flex-column fm-type_name\" ><div class=\"wdform-label-section wd-width-100  wd-flex-row\">    <label  for=\"wdform_2_element_first6\" class=\"wdform-label\">Nom Complet<\/label><span class=\"wdform-required\">*<\/span><\/div><div class=\"wdform-element-section wd-flex  wd-flex-row wd-width-100\" ><div class=\"wd-flex wd-flex-column wd-width-50\"><input type=\"text\" class=\"wd-width-100\" id=\"wdform_2_element_first6\" name=\"wdform_2_element_first6\" data-value=\"\" value=\"\" title=\"\" placeholder=\"\"  \/><label class=\"mini_label\" for=\"wdform_2_element_first6\">Nom<\/label><\/div><div class=\"wd-flex wd-flex-column wd-name-separator\"><\/div><div class=\"wd-flex wd-flex-column wd-width-50\"><input type=\"text\" class=\"wd-width-100\" id=\"wdform_2_element_last6\" name=\"wdform_2_element_last6\" data-value=\"\" value=\"\" title=\"\" placeholder=\"\"  \/><label class=\"mini_label\" for=\"wdform_2_element_last6\">Cognoms<\/label><\/div><\/div><\/div><\/div><\/div><div class=\"wdform_column\"><div wdid=\"3\" class=\"wdform_row\"><div type=\"type_submitter_mail\" class=\"wdform-field wd-width-100 wd-flex wd-flex-column fm-type_submitter_mail\" ><div class=\"wdform-label-section wd-width-100  wd-flex-row\">    <label  for=\"wdform_3_element6\" class=\"wdform-label\">Email<\/label><span class=\"wdform-required\">*<\/span><\/div><div class=\"wdform-element-section wd-flex  wd-flex-row wd-width-100\" ><input type=\"text\" class=\"wd-width-100\" id=\"wdform_3_element6\" name=\"wdform_3_element6\" data-value=\"\" value=\"\" title=\"\" placeholder=\"\"   onchange=\"wd_check_email('3', '6', 'Aix\u00f2 no \u00e9s una adre\u00e7a de correu electr\u00f2nic v\u00e0lida.')\" \/><\/div><\/div><\/div><div wdid=\"12\" class=\"wdform_row\" style=\"position: relative; left: 0px; top: 0px;\"><div type=\"type_text\" class=\"wdform-field wd-width-100 wd-flex wd-flex-column fm-type_text\" ><div class=\"wdform-label-section wd-width-100  wd-flex-row wd-align-items-center\" style=\"max-width: 300px;\">    <label  for=\"wdform_12_element6\" class=\"wdform-label\">Tel\u00e8fon<\/label><span class=\"wdform-required\">*<\/span><\/div><div class=\"wdform-element-section wd-flex  wd-flex-row wd-align-items-center wd-width-100\" ><input type=\"text\"                           class=\"wd-width-100\"                           id=\"wdform_12_element6\"                           name=\"wdform_12_element6\"                           value=\"\"                           data-value=\"\"                           title=\"\"                           placeholder=\"\"                                                       \/><\/div><\/div><\/div><div wdid=\"20\" class=\"wdform_row\" style=\"position: relative; left: 0px; top: 0px;\"><div type=\"type_text\" class=\"wdform-field wd-width-100 wd-flex wd-flex-column fm-type_text\" ><div class=\"wdform-label-section wd-width-100  wd-flex-row wd-align-items-center\">    <label  for=\"wdform_20_element6\" class=\"wdform-label\">Poblaci\u00f3<\/label><span class=\"wdform-required\">*<\/span><\/div><div class=\"wdform-element-section wd-flex  wd-flex-row wd-align-items-center wd-width-100\" ><input type=\"text\"                           class=\"wd-width-100\"                           id=\"wdform_20_element6\"                           name=\"wdform_20_element6\"                           value=\"\"                           data-value=\"\"                           title=\"\"                           placeholder=\"\"                                                       \/><\/div><\/div><\/div><\/div><div class=\"wdform_column\"><div wdid=\"16\" class=\"wdform_row\" style=\"position: relative; left: 0px; top: 0px;\"><div type=\"type_textarea\" class=\"wdform-field wd-width-100 wd-flex wd-flex-column fm-type_textarea\" ><div class=\"wdform-label-section wd-width-100 \">    <label  for=\"wdform_16_element6\" class=\"wdform-label\">Altres comentaris<\/label><\/div><div class=\"wdform-element-section wd-flex  wd-width-100\" ><textarea class=\"wd-width-100\"                      id=\"wdform_16_element6\"                      name=\"wdform_16_element6\"                      placeholder=\"INSCRIPCIONS FINALITZADES excepte si et vols inscriure al Torneig de 3x3 BASQUET, qure cal que escriguis aqu\u00ed el nom de l&#039;equip i els tres participants\"                      data-value=\"\"                      maxlength=\"\"                      style=\"height: 100px;\"                      ><\/textarea><\/div><\/div><\/div><\/div><div class=\"wdform_column\"><div wdid=\"19\" class=\"wdform_row\" style=\"position: relative; left: 0px; top: 0px;\"><div type=\"type_spinner\" class=\"wdform-field wd-width-100 wd-flex wd-flex-column fm-type_spinner\" ><div class=\"wdform-label-section wd-width-100  wd-flex-row\">    <label  for=\"wdform_19_element6\" class=\"wdform-label\">Edat<\/label><span class=\"wdform-required\">*<\/span><\/div><div class=\"wdform-element-section wd-flex  wd-flex-row wd-width-100\" ><input                            name=\"wdform_19_element6\"                            id=\"wdform_19_element6\"                            class=\"wd-type-number\"                            onkeyup=\"wd_validate(this)\"                            data-valid-type=\"number\"                            data-form-id=\"6\"                            data-wdid=\"19\"                            style=\"width: px;\"                            data-value=\"\"                            value=\"\"                             attribute=value \/><\/div><\/div><\/div><\/div><div class=\"wdform_column\"><div wdid=\"1\" class=\"wdform_row\"><div type=\"type_submit_reset\" class=\"wdform-field wd-width-100 wd-flex wd-flex-column fm-type_submit_reset\" ><div class=\"wdform-element-section wd-flex  wd-flex-row wd-justify-content-left wd-width-100\" ><button  type=\"button\" class=\"button-submit\" onclick=\"fm_submit_form('6');\"  attribute=value data-ajax=\"0\"><span class=\"fm-submit-loading spinner fm-ico-spinner\"><\/span>Envia Inscripci\u00f3<\/button><button  type=\"button\" class=\"button-reset wd-hidden\" onclick=\"fm_reset_form(6);\"  attribute=value>Borrar<\/button><\/div><\/div><\/div><\/div><\/div><div valign=\"top\" class=\"wdform_footer wd-width-100\"><div class=\"wd-width-100\"><div class=\"wd-width-100 wd-table\" style=\"padding-top:10px;\"><div class=\"wd-table-group\"><div id=\"6page_nav1\" class=\"wd-table-row\"><\/div><\/div><\/div><\/div><\/div><\/div><\/div><div class=\"wdform_preload\"><\/div><input type=\"hidden\" name=\"fm-current-page\" value=\"https:\/\/bisbalpenedes.com\/web\/wp-json\/wp\/v2\/pages\/29989\" \/><\/form><\/div>\n\n\n\n<figure class=\"wp-block-image size-large is-resized\"><img loading=\"lazy\" src=\"https:\/\/bisbalpenedes.com\/web\/wp-content\/uploads\/2025\/05\/CARTELL-BJOY-2025-qua1-1024x957.jpg\" alt=\"\" class=\"wp-image-33680\" width=\"768\" height=\"718\" srcset=\"https:\/\/bisbalpenedes.com\/web\/wp-content\/uploads\/2025\/05\/CARTELL-BJOY-2025-qua1-1024x957.jpg 1024w, https:\/\/bisbalpenedes.com\/web\/wp-content\/uploads\/2025\/05\/CARTELL-BJOY-2025-qua1-300x280.jpg 300w, https:\/\/bisbalpenedes.com\/web\/wp-content\/uploads\/2025\/05\/CARTELL-BJOY-2025-qua1-768x718.jpg 768w, https:\/\/bisbalpenedes.com\/web\/wp-content\/uploads\/2025\/05\/CARTELL-BJOY-2025-qua1-1536x1436.jpg 1536w, https:\/\/bisbalpenedes.com\/web\/wp-content\/uploads\/2025\/05\/CARTELL-BJOY-2025-qua1-2048x1914.jpg 2048w, https:\/\/bisbalpenedes.com\/web\/wp-content\/uploads\/2025\/05\/CARTELL-BJOY-2025-qua1-600x561.jpg 600w\" sizes=\"(max-width: 768px) 100vw, 768px\" \/><\/figure>\n\n\n\n<figure class=\"wp-block-image size-large\"><img loading=\"lazy\" width=\"1024\" height=\"957\" src=\"https:\/\/bisbalpenedes.com\/web\/wp-content\/uploads\/2025\/05\/CAJAS-BJOY-2025-qua_dis_def-1024x957.jpg\" alt=\"\" class=\"wp-image-33701\" srcset=\"https:\/\/bisbalpenedes.com\/web\/wp-content\/uploads\/2025\/05\/CAJAS-BJOY-2025-qua_dis_def-1024x957.jpg 1024w, https:\/\/bisbalpenedes.com\/web\/wp-content\/uploads\/2025\/05\/CAJAS-BJOY-2025-qua_dis_def-300x280.jpg 300w, https:\/\/bisbalpenedes.com\/web\/wp-content\/uploads\/2025\/05\/CAJAS-BJOY-2025-qua_dis_def-768x718.jpg 768w, https:\/\/bisbalpenedes.com\/web\/wp-content\/uploads\/2025\/05\/CAJAS-BJOY-2025-qua_dis_def-1536x1436.jpg 1536w, https:\/\/bisbalpenedes.com\/web\/wp-content\/uploads\/2025\/05\/CAJAS-BJOY-2025-qua_dis_def-2048x1914.jpg 2048w, https:\/\/bisbalpenedes.com\/web\/wp-content\/uploads\/2025\/05\/CAJAS-BJOY-2025-qua_dis_def-600x561.jpg 600w\" sizes=\"(max-width: 1024px) 100vw, 1024px\" \/><\/figure>\n\n\n\n<figure class=\"wp-block-image size-large\"><img loading=\"lazy\" width=\"1024\" height=\"957\" src=\"https:\/\/bisbalpenedes.com\/web\/wp-content\/uploads\/2025\/05\/CAJAS-BJOY-2025-qua_diu_mati_def-1024x957.jpg\" alt=\"\" class=\"wp-image-33702\" srcset=\"https:\/\/bisbalpenedes.com\/web\/wp-content\/uploads\/2025\/05\/CAJAS-BJOY-2025-qua_diu_mati_def-1024x957.jpg 1024w, https:\/\/bisbalpenedes.com\/web\/wp-content\/uploads\/2025\/05\/CAJAS-BJOY-2025-qua_diu_mati_def-300x280.jpg 300w, https:\/\/bisbalpenedes.com\/web\/wp-content\/uploads\/2025\/05\/CAJAS-BJOY-2025-qua_diu_mati_def-768x718.jpg 768w, https:\/\/bisbalpenedes.com\/web\/wp-content\/uploads\/2025\/05\/CAJAS-BJOY-2025-qua_diu_mati_def-1536x1436.jpg 1536w, https:\/\/bisbalpenedes.com\/web\/wp-content\/uploads\/2025\/05\/CAJAS-BJOY-2025-qua_diu_mati_def-2048x1914.jpg 2048w, https:\/\/bisbalpenedes.com\/web\/wp-content\/uploads\/2025\/05\/CAJAS-BJOY-2025-qua_diu_mati_def-600x561.jpg 600w\" sizes=\"(max-width: 1024px) 100vw, 1024px\" \/><\/figure>\n\n\n\n<figure class=\"wp-block-image size-large\"><img loading=\"lazy\" width=\"1024\" height=\"957\" src=\"https:\/\/bisbalpenedes.com\/web\/wp-content\/uploads\/2025\/05\/CAJAS-BJOY-2025-qua_diu_tarda_def2-1024x957.jpg\" alt=\"\" class=\"wp-image-33708\" srcset=\"https:\/\/bisbalpenedes.com\/web\/wp-content\/uploads\/2025\/05\/CAJAS-BJOY-2025-qua_diu_tarda_def2-1024x957.jpg 1024w, https:\/\/bisbalpenedes.com\/web\/wp-content\/uploads\/2025\/05\/CAJAS-BJOY-2025-qua_diu_tarda_def2-300x280.jpg 300w, https:\/\/bisbalpenedes.com\/web\/wp-content\/uploads\/2025\/05\/CAJAS-BJOY-2025-qua_diu_tarda_def2-768x718.jpg 768w, https:\/\/bisbalpenedes.com\/web\/wp-content\/uploads\/2025\/05\/CAJAS-BJOY-2025-qua_diu_tarda_def2-1536x1436.jpg 1536w, https:\/\/bisbalpenedes.com\/web\/wp-content\/uploads\/2025\/05\/CAJAS-BJOY-2025-qua_diu_tarda_def2-2048x1914.jpg 2048w, https:\/\/bisbalpenedes.com\/web\/wp-content\/uploads\/2025\/05\/CAJAS-BJOY-2025-qua_diu_tarda_def2-600x561.jpg 600w\" sizes=\"(max-width: 1024px) 100vw, 1024px\" \/><\/figure>\n\n\n\n<figure class=\"wp-block-image size-large\"><img loading=\"lazy\" width=\"1024\" height=\"957\" src=\"https:\/\/bisbalpenedes.com\/web\/wp-content\/uploads\/2025\/05\/CAJAS-BJOY-2025-qua_obsq_def-1024x957.jpg\" alt=\"\" class=\"wp-image-33705\" srcset=\"https:\/\/bisbalpenedes.com\/web\/wp-content\/uploads\/2025\/05\/CAJAS-BJOY-2025-qua_obsq_def-1024x957.jpg 1024w, https:\/\/bisbalpenedes.com\/web\/wp-content\/uploads\/2025\/05\/CAJAS-BJOY-2025-qua_obsq_def-300x280.jpg 300w, https:\/\/bisbalpenedes.com\/web\/wp-content\/uploads\/2025\/05\/CAJAS-BJOY-2025-qua_obsq_def-768x718.jpg 768w, https:\/\/bisbalpenedes.com\/web\/wp-content\/uploads\/2025\/05\/CAJAS-BJOY-2025-qua_obsq_def-1536x1436.jpg 1536w, https:\/\/bisbalpenedes.com\/web\/wp-content\/uploads\/2025\/05\/CAJAS-BJOY-2025-qua_obsq_def-2048x1914.jpg 2048w, https:\/\/bisbalpenedes.com\/web\/wp-content\/uploads\/2025\/05\/CAJAS-BJOY-2025-qua_obsq_def-600x561.jpg 600w\" sizes=\"(max-width: 1024px) 100vw, 1024px\" \/><\/figure>\n","protected":false},"excerpt":{"rendered":"<p>El 17 I 18 de maig de 2025 no et perdis la Segonna Fira Local d&#8217;Oci i Joventut BJOY a la Bisbal del Pened\u00e8s. Les activitats estan organitzades per a &hellip; <a href=\"https:\/\/bisbalpenedes.com\/web\/bjoy\/\" class=\"more-link\">Read More<\/a><\/p>\n","protected":false},"author":1,"featured_media":33682,"parent":0,"menu_order":0,"comment_status":"closed","ping_status":"closed","template":"","meta":[],"_links":{"self":[{"href":"https:\/\/bisbalpenedes.com\/web\/wp-json\/wp\/v2\/pages\/29989"}],"collection":[{"href":"https:\/\/bisbalpenedes.com\/web\/wp-json\/wp\/v2\/pages"}],"about":[{"href":"https:\/\/bisbalpenedes.com\/web\/wp-json\/wp\/v2\/types\/page"}],"author":[{"embeddable":true,"href":"https:\/\/bisbalpenedes.com\/web\/wp-json\/wp\/v2\/users\/1"}],"replies":[{"embeddable":true,"href":"https:\/\/bisbalpenedes.com\/web\/wp-json\/wp\/v2\/comments?post=29989"}],"version-history":[{"count":23,"href":"https:\/\/bisbalpenedes.com\/web\/wp-json\/wp\/v2\/pages\/29989\/revisions"}],"predecessor-version":[{"id":33709,"href":"https:\/\/bisbalpenedes.com\/web\/wp-json\/wp\/v2\/pages\/29989\/revisions\/33709"}],"wp:featuredmedia":[{"embeddable":true,"href":"https:\/\/bisbalpenedes.com\/web\/wp-json\/wp\/v2\/media\/33682"}],"wp:attachment":[{"href":"https:\/\/bisbalpenedes.com\/web\/wp-json\/wp\/v2\/media?parent=29989"}],"curies":[{"name":"wp","href":"https:\/\/api.w.org\/{rel}","templated":true}]}}