{"id":22670,"date":"2022-07-19T14:34:06","date_gmt":"2022-07-19T12:34:06","guid":{"rendered":"https:\/\/bisbalpenedes.com\/web\/?page_id=22670"},"modified":"2022-08-10T14:21:03","modified_gmt":"2022-08-10T12:21:03","slug":"concursinstagramfm2022","status":"publish","type":"page","link":"https:\/\/bisbalpenedes.com\/web\/concursinstagramfm2022\/","title":{"rendered":"Concurs de fotografia d&#8217;Instagram &#8211; Festa Major 2022"},"content":{"rendered":"\n<p><strong>Concurs de Fotografies d&#8217;Instagram de la Festa Major<\/strong><\/p>\n\n\n\n<p>Fotografia els moments de la Festa Major i penja&#8217;ls a la xarxa social Instagram etiquetant sempre el perfil @FestaMajorBisbal a la foto i utilitzant #FestaMajorBisbal com a etiqueta al text de la foto. Per participar en el concurs cal que el perfil des del qual es penja la foto sigui p\u00fablic.<\/p>\n\n\n\n<p><strong>TEMA DEL CONCURS<\/strong><\/p>\n\n\n\n<p>Festa Major de la Bisbal del Pened\u00e8s 2022. Fotografies de moments i actes de la Festa Major 2022.<\/p>\n\n\n\n<p><strong>QUI HI POT PARTICIPAR?<\/strong><\/p>\n\n\n\n<p>Qualsevol persona -de qualsevol edat*- que faci una fotografia de la Festa Major i la publiqui en un perfil propi d&#8217;Instagram que sigui p\u00fablic.<\/p>\n\n\n\n<p><em>*Els menors hauran de comptar amb el vistiplau dels seus pares, mares o tutors legals.<\/em><\/p>\n\n\n\n<p><strong>COM S&#8217;HA DE FER LA PUBLICACI\u00d3?<\/strong><\/p>\n\n\n\n<ul><li>Les publicacions s&#8217;han de fer al <em>feed <\/em>(mur). Les publicacions de les <em>stories<\/em> o <em>reels<\/em> no comptaran com a v\u00e0lides.<\/li><li>S&#8217;haur\u00e0 <strong>d&#8217;etiquetar a la foto<\/strong> (opci\u00f3 &#8220;etiquetar persones&#8221; abans de publicar la foto) el perfil <strong>@FestaMajorBisbal<\/strong> i incloent <strong>l&#8217;etiqueta #FestaMajorBisbal<\/strong> al text que acompanyi la foto.<\/li><li>Cada publicaci\u00f3 ha de contenir una \u00fanica fotografia, sense l\u00edmit de publicacions.<\/li><li>Es poden utilitzar filtres i aplicacions de retoc d&#8217;imatges.<\/li><\/ul>\n\n\n\n<p><strong>TERMINI DE PARTICIPACI\u00d3<\/strong><\/p>\n\n\n\n<p>Les fotografies de la Festa Major s&#8217;hauran de publicar del dimecres 10 d&#8217;agost al dimarts 16 d&#8217;agost a les 00h (no s&#8217;inclouran les fotografies dels actes del dimecres 17 d&#8217;agost)<\/p>\n\n\n\n<p><strong>DRETS D&#8217;IMATGE<\/strong><\/p>\n\n\n\n<p>Els drets de les imatges seran propietat de l&#8217;autor o autora de la fotografia, compartides amb el r\u00e8gim de copropietat que ja marca la normativa d&#8217;Instagram. L&#8217;Ajuntament de La Bisbal el Pened\u00e8s podr\u00e0 fer \u00fas de les fotografies al web municipal, als seus perfils de xarxes socials, a la revista municipal i al programa de Festa Major d&#8217;anys posteriors, mencionant sempre el nom de l&#8217;autor\/a o usuari\/a.. Tamb\u00e9 podr\u00e0 enviar les fotografies per a la seva difusi\u00f3 o publicaci\u00f3 a la premsa. Les dades facilitades pels guanyadors es tractaran de forma confidencial i nom\u00e9s seran emprades per a la coordinaci\u00f3 de l&#8217;entrega del premi. Si apareixen persones a les fotografies, \u00e9s responsabilitat de la persona que publiqui la fotografia informar aquestes persones i que aquestes persones autoritzin la publicaci\u00f3 de la foto i li facin saber que \u00e9s per participar en aquesta iniciativa i que la foto podria apar\u00e8ixer en els suports que s&#8217;indiquen en aquest text.<\/p>\n\n\n\n<p><strong>CONDICIONS<\/strong><\/p>\n\n\n\n<ul><li>Mitjan\u00e7ant la publicaci\u00f3 de fotografies, l&#8217;usuari reconeix que es tracta d&#8217;una obra original i pr\u00f2pia.<\/li><li>Les imatges no podran contenir cap contingut ni material obsc\u00e8, sexualment expl\u00edcit, violent, ofensiu o difamatori. L&#8217;Ajuntament de la Bisbal del Pened\u00e8s es reserva el dret de rebutjar o retirar la participaci\u00f3 de totes aquelles publicacions que consideri que no han tingut en compte aquestes indicacions. L&#8217;Ajuntament de la Bisbal del Pened\u00e8s no ser\u00e0 responsable, en cap cas, de les publicacions que facin tercers als seus perfils de xarxes socials o mitjan\u00e7ant l&#8217;etiquetatge dels perfils de l&#8217;Ajuntament.<\/li><li>Les imatges hauran obtingut pr\u00e8viament les autoritzacions necess\u00e0ries de les persones que hi figurin -especificant que l&#8217;Ajuntament de la Bisbal del Pened\u00e8s podr\u00e0 fer-ne \u00fas- sobretot si es tracta de menors.<\/li><\/ul>\n\n\n\n<p><strong>EL JURAT<\/strong><\/p>\n\n\n\n<p>El jurat estar\u00e0 format pel regidor de Festes, Feliu Gil; els fot\u00f2grafs Ra\u00fal Gallego, Luc\u00eda Gallego i Montserrat Bermejo, el creatiu Salvador Catal\u00e0 i la comunicadora S\u00f2nia Ferrer.<\/p>\n\n\n\n<p>El jurat del concurs dictaminar\u00e0 quines seran les tres fotografies guanyadores el dimecres 17 d&#8217;agost. Els usuaris que hagin participat hauran d&#8217;estar pendents d&#8217;aquesta xarxa social per si reben un missatge intern, ja que l&#8217;entrega de premis es far\u00e0 el mateix dimecres 17 d&#8217;agost, a la nit, a l&#8217;envelat.<\/p>\n\n\n\n<p>El jurat no podr\u00e0 participar en el concurs.<\/p>\n\n\n\n<p><strong>LLIURAMENT DE PREMIS<\/strong><\/p>\n\n\n\n<p>El lliurament de premis es far\u00e0 el dimecres 17 d&#8217;agost, a l&#8217;envelat, al finalitzar l&#8217;espectacle &#8220;Bona Gent&#8221; del Quim Masferrer.<\/p>\n\n\n\n<p><strong>PREMIS<\/strong><\/p>\n\n\n\n<p>Hi haur\u00e0 3 premis i una menci\u00f3 especial:<\/p>\n\n\n\n<ul><li>PRIMER PREMI: 1 estabilitzador d&#8217;imatges per a <em>smartphones<\/em><\/li><li>SEGON PREMI: 1 men\u00fa per a 2 persones al Restaurant Ull de Llebre<\/li><li>TERCER PREMI: un talonari de 30 tiquets per a la piscina (v\u00e0lids per aquest estiu i l&#8217;estiu de l&#8217;any vinent)<\/li><li>MENCI\u00d3 ESPECIAL (a la fotografia m\u00e9s divertida): Anella de llum per a fer fotos i v\u00eddeos amb el m\u00f2bil<\/li><\/ul>\n\n\n\n<p><strong>DESVINCULACI\u00d3 PEL QUE FA A INSTAGRAM (META)<\/strong><\/p>\n\n\n\n<p>Instagram (o Meta) no patrocina, avala ni administra aquest concurs ni est\u00e0 associat amb ell ni amb l&#8217;Ajuntament de la Bisbal del Pened\u00e8s a l&#8217;hora de dur a terme aquesta iniciativa. L&#8217;usuari es desvincula totalment d&#8217;Instagram i \u00e9s conscient que est\u00e0 proporcionant la seva informaci\u00f3 a l&#8217;Ajuntament de la Bisbal del Pened\u00e8s i no a Instagram. La informaci\u00f3 que proporcioni nom\u00e9s s&#8217;utilitzar\u00e0 per tramitar la participaci\u00f3 de l&#8217;usuari i per comunicar-li el premi en cas que la seva idea resulti seleccionada com a guanyadora.<\/p>\n\n\n\n<p><strong>ACCEPTACI\u00d3 DE LES CONDICIONS<\/strong><\/p>\n\n\n\n<p>La simple participaci\u00f3 en el concurs implica l&#8217;acceptaci\u00f3 total de les condicions de participaci\u00f3 que s&#8217;exposen en aquest text. En cas que l&#8217;usuari no estigui d&#8217;acord amb elles (en cas de ser menor d&#8217;edat, en cas que els seus pares, mares o tutors\/es legals no hi estiguin d&#8217;acord), l&#8217;usuari no haur\u00e0 de continuar amb els passos necessaris per participar en el concurs i, fer-ho, ser\u00e0 responsabilitat seva, en cap cas de l&#8217;Ajuntament de la Bisbal del Pened\u00e8s.<\/p>\n","protected":false},"excerpt":{"rendered":"<p>Concurs de Fotografies d&#8217;Instagram de la Festa Major Fotografia els moments de la Festa Major i penja&#8217;ls a la xarxa social Instagram etiquetant sempre el perfil @FestaMajorBisbal a la foto &hellip; <a href=\"https:\/\/bisbalpenedes.com\/web\/concursinstagramfm2022\/\" class=\"more-link\">Read More<\/a><\/p>\n","protected":false},"author":4,"featured_media":22918,"parent":0,"menu_order":0,"comment_status":"closed","ping_status":"closed","template":"","meta":[],"_links":{"self":[{"href":"https:\/\/bisbalpenedes.com\/web\/wp-json\/wp\/v2\/pages\/22670"}],"collection":[{"href":"https:\/\/bisbalpenedes.com\/web\/wp-json\/wp\/v2\/pages"}],"about":[{"href":"https:\/\/bisbalpenedes.com\/web\/wp-json\/wp\/v2\/types\/page"}],"author":[{"embeddable":true,"href":"https:\/\/bisbalpenedes.com\/web\/wp-json\/wp\/v2\/users\/4"}],"replies":[{"embeddable":true,"href":"https:\/\/bisbalpenedes.com\/web\/wp-json\/wp\/v2\/comments?post=22670"}],"version-history":[{"count":6,"href":"https:\/\/bisbalpenedes.com\/web\/wp-json\/wp\/v2\/pages\/22670\/revisions"}],"predecessor-version":[{"id":26841,"href":"https:\/\/bisbalpenedes.com\/web\/wp-json\/wp\/v2\/pages\/22670\/revisions\/26841"}],"wp:featuredmedia":[{"embeddable":true,"href":"https:\/\/bisbalpenedes.com\/web\/wp-json\/wp\/v2\/media\/22918"}],"wp:attachment":[{"href":"https:\/\/bisbalpenedes.com\/web\/wp-json\/wp\/v2\/media?parent=22670"}],"curies":[{"name":"wp","href":"https:\/\/api.w.org\/{rel}","templated":true}]}}

<p><strong>Concurs de Fotografies d&#8217;Instagram de la Festa Major</strong></p>



<p>Fotografia els moments de la Festa Major i penja&#8217;ls a la xarxa social Instagram etiquetant sempre el perfil @FestaMajorBisbal a la foto i utilitzant #FestaMajorBisbal com a etiqueta al text de la foto. Per participar en el concurs cal que el perfil des del qual es penja la foto sigui públic.</p>



<p><strong>TEMA DEL CONCURS</strong></p>



<p>Festa Major de la Bisbal del Penedès 2022. Fotografies de moments i actes de la Festa Major 2022.</p>



<p><strong>QUI HI POT PARTICIPAR?</strong></p>



<p>Qualsevol persona -de qualsevol edat*- que faci una fotografia de la Festa Major i la publiqui en un perfil propi d&#8217;Instagram que sigui públic.</p>



<p><em>*Els menors hauran de comptar amb el vistiplau dels seus pares, mares o tutors legals.</em></p>



<p><strong>COM S&#8217;HA DE FER LA PUBLICACIÓ?</strong></p>



<ul><li>Les publicacions s&#8217;han de fer al <em>feed </em>(mur). Les publicacions de les <em>stories</em> o <em>reels</em> no comptaran com a vàlides.</li><li>S&#8217;haurà <strong>d&#8217;etiquetar a la foto</strong> (opció &#8220;etiquetar persones&#8221; abans de publicar la foto) el perfil <strong>@FestaMajorBisbal</strong> i incloent <strong>l&#8217;etiqueta #FestaMajorBisbal</strong> al text que acompanyi la foto.</li><li>Cada publicació ha de contenir una única fotografia, sense límit de publicacions.</li><li>Es poden utilitzar filtres i aplicacions de retoc d&#8217;imatges.</li></ul>



<p><strong>TERMINI DE PARTICIPACIÓ</strong></p>



<p>Les fotografies de la Festa Major s&#8217;hauran de publicar del dimecres 10 d&#8217;agost al dimarts 16 d&#8217;agost a les 00h (no s&#8217;inclouran les fotografies dels actes del dimecres 17 d&#8217;agost)</p>



<p><strong>DRETS D&#8217;IMATGE</strong></p>



<p>Els drets de les imatges seran propietat de l&#8217;autor o autora de la fotografia, compartides amb el règim de copropietat que ja marca la normativa d&#8217;Instagram. L&#8217;Ajuntament de La Bisbal el Penedès podrà fer ús de les fotografies al web municipal, als seus perfils de xarxes socials, a la revista municipal i al programa de Festa Major d&#8217;anys posteriors, mencionant sempre el nom de l&#8217;autor/a o usuari/a.. També podrà enviar les fotografies per a la seva difusió o publicació a la premsa. Les dades facilitades pels guanyadors es tractaran de forma confidencial i només seran emprades per a la coordinació de l&#8217;entrega del premi. Si apareixen persones a les fotografies, és responsabilitat de la persona que publiqui la fotografia informar aquestes persones i que aquestes persones autoritzin la publicació de la foto i li facin saber que és per participar en aquesta iniciativa i que la foto podria aparèixer en els suports que s&#8217;indiquen en aquest text.</p>



<p><strong>CONDICIONS</strong></p>



<ul><li>Mitjançant la publicació de fotografies, l&#8217;usuari reconeix que es tracta d&#8217;una obra original i pròpia.</li><li>Les imatges no podran contenir cap contingut ni material obscè, sexualment explícit, violent, ofensiu o difamatori. L&#8217;Ajuntament de la Bisbal del Penedès es reserva el dret de rebutjar o retirar la participació de totes aquelles publicacions que consideri que no han tingut en compte aquestes indicacions. L&#8217;Ajuntament de la Bisbal del Penedès no serà responsable, en cap cas, de les publicacions que facin tercers als seus perfils de xarxes socials o mitjançant l&#8217;etiquetatge dels perfils de l&#8217;Ajuntament.</li><li>Les imatges hauran obtingut prèviament les autoritzacions necessàries de les persones que hi figurin -especificant que l&#8217;Ajuntament de la Bisbal del Penedès podrà fer-ne ús- sobretot si es tracta de menors.</li></ul>



<p><strong>EL JURAT</strong></p>



<p>El jurat estarà format pel regidor de Festes, Feliu Gil; els fotògrafs Raúl Gallego, Lucía Gallego i Montserrat Bermejo, el creatiu Salvador Català i la comunicadora Sònia Ferrer.</p>



<p>El jurat del concurs dictaminarà quines seran les tres fotografies guanyadores el dimecres 17 d&#8217;agost. Els usuaris que hagin participat hauran d&#8217;estar pendents d&#8217;aquesta xarxa social per si reben un missatge intern, ja que l&#8217;entrega de premis es farà el mateix dimecres 17 d&#8217;agost, a la nit, a l&#8217;envelat.</p>



<p>El jurat no podrà participar en el concurs.</p>



<p><strong>LLIURAMENT DE PREMIS</strong></p>



<p>El lliurament de premis es farà el dimecres 17 d&#8217;agost, a l&#8217;envelat, al finalitzar l&#8217;espectacle &#8220;Bona Gent&#8221; del Quim Masferrer.</p>



<p><strong>PREMIS</strong></p>



<p>Hi haurà 3 premis i una menció especial:</p>



<ul><li>PRIMER PREMI: 1 estabilitzador d&#8217;imatges per a <em>smartphones</em></li><li>SEGON PREMI: 1 menú per a 2 persones al Restaurant Ull de Llebre</li><li>TERCER PREMI: un talonari de 30 tiquets per a la piscina (vàlids per aquest estiu i l&#8217;estiu de l&#8217;any vinent)</li><li>MENCIÓ ESPECIAL (a la fotografia més divertida): Anella de llum per a fer fotos i vídeos amb el mòbil</li></ul>



<p><strong>DESVINCULACIÓ PEL QUE FA A INSTAGRAM (META)</strong></p>



<p>Instagram (o Meta) no patrocina, avala ni administra aquest concurs ni està associat amb ell ni amb l&#8217;Ajuntament de la Bisbal del Penedès a l&#8217;hora de dur a terme aquesta iniciativa. L&#8217;usuari es desvincula totalment d&#8217;Instagram i és conscient que està proporcionant la seva informació a l&#8217;Ajuntament de la Bisbal del Penedès i no a Instagram. La informació que proporcioni només s&#8217;utilitzarà per tramitar la participació de l&#8217;usuari i per comunicar-li el premi en cas que la seva idea resulti seleccionada com a guanyadora.</p>



<p><strong>ACCEPTACIÓ DE LES CONDICIONS</strong></p>



<p>La simple participació en el concurs implica l&#8217;acceptació total de les condicions de participació que s&#8217;exposen en aquest text. En cas que l&#8217;usuari no estigui d&#8217;acord amb elles (en cas de ser menor d&#8217;edat, en cas que els seus pares, mares o tutors/es legals no hi estiguin d&#8217;acord), l&#8217;usuari no haurà de continuar amb els passos necessaris per participar en el concurs i, fer-ho, serà responsabilitat seva, en cap cas de l&#8217;Ajuntament de la Bisbal del Penedès.</p>
