{"id":21130,"date":"2022-03-07T18:21:53","date_gmt":"2022-03-07T16:21:53","guid":{"rendered":"https:\/\/bisbalpenedes.com\/web\/?page_id=21130"},"modified":"2022-03-07T18:21:53","modified_gmt":"2022-03-07T16:21:53","slug":"leo-uceda-martin-2022-1r-semestre","status":"publish","type":"page","link":"https:\/\/bisbalpenedes.com\/web\/leo-uceda-martin-2022-1r-semestre\/","title":{"rendered":"Leo Uceda Mart\u00edn 2022 &#8211; 1r Semestre"},"content":{"rendered":"<div data-post-id='3403' class='insert-page insert-page-3403 '><img loading=\"lazy\" class=\"alignright size-thumbnail wp-image-1234\" src=\"http:\/\/bisbalpenedes.com\/web\/wp-content\/uploads\/2017\/09\/Leonor2019-300x225.jpg\" alt=\"aLeo\" width=\"150\" height=\"150\" \/>\n\n<strong>Agenda Leo Uceda Mart\u00edn. PDeCAT<\/strong>\nRegidora d\u2019Esports, d&#8217;Ensenyament, Movilitat i V\u00eda P\u00fablica, Medi Ambient, Protecci\u00f3 Animal i d\u2019Enllumenat i del Servei d\u2019abastament d\u2019aigua potable i clavegueram. <em>leo@bisbalpenedes.com<\/em>\n\n<a href=\"https:\/\/bisbalpenedes.com\/web\/wp-content\/uploads\/2023\/07\/AGENDA-LEO-UCEDA-MAIG-2023.pdf\" target=\"_blank\" rel=\"noopener\">| AGENDA MAIG 2023 |<\/a>\n\n<a href=\"https:\/\/bisbalpenedes.com\/web\/wp-content\/uploads\/2023\/07\/AGENDA-LEO-UCEDA-ABRIL-2023.pdf\" target=\"_blank\" rel=\"noopener\">| AGENDA ABRIL 2023 |<\/a>\n\n<a href=\"https:\/\/bisbalpenedes.com\/web\/wp-content\/uploads\/2023\/07\/AGENDA-LEO-UCEDA-MARC-2023.pdf\" target=\"_blank\" rel=\"noopener\">| AGENDA MAR\u00c7 2023 |<\/a>\n\n<a href=\"https:\/\/bisbalpenedes.com\/web\/wp-content\/uploads\/2023\/07\/AGENDA-LEO-UCEDA-FEBRER-2023.pdf\" target=\"_blank\" rel=\"noopener\">| AGENDA FEBRER 2023 |<\/a>\n\n<a href=\"https:\/\/bisbalpenedes.com\/web\/wp-content\/uploads\/2023\/07\/AGENDA-LEO-UCEDA-GENER-2023.pdf\" target=\"_blank\" rel=\"noopener\">| AGENDA GENER 2023 |<\/a>\n\n<a href=\"https:\/\/bisbalpenedes.com\/web\/wp-content\/uploads\/2023\/07\/AGENDA-LEO-UCEDA-DESEMBRE-2022.pdf\" target=\"_blank\" rel=\"noopener\">| AGENDA DESEMBRE 2022 |<\/a>\n\n<a href=\"https:\/\/bisbalpenedes.com\/web\/wp-content\/uploads\/2023\/07\/AGENDA-LEO-UCEDA-NOVEMBRE-2022.pdf\" target=\"_blank\" rel=\"noopener\">| AGENDA NOVEMBRE 2022 |<\/a>\n\n<a href=\"https:\/\/bisbalpenedes.com\/web\/wp-content\/uploads\/2022\/11\/Agenda-Leo-Setembre-1-30.pdf\" target=\"_blank\" rel=\"noopener\">| AGENDA SETEMBRE 2022 |<\/a>\n\n<a href=\"https:\/\/bisbalpenedes.com\/web\/wp-content\/uploads\/2022\/11\/Agenda-Leo-Agost-1-31.pdf\" target=\"_blank\" rel=\"noopener\">| AGENDA AGOST 2022 |<\/a>\n\n<a href=\"https:\/\/bisbalpenedes.com\/web\/wp-content\/uploads\/2022\/11\/Agenda-Juliol-1-31.pdf\" target=\"_blank\" rel=\"noopener\">| AGENDA JULIOL 2022 |<\/a>\n\n<a href=\"https:\/\/bisbalpenedes.com\/web\/wp-content\/uploads\/2022\/11\/Agenda-Juny-1-30.pdf\" target=\"_blank\" rel=\"noopener\">| AGENDA JUNY 2022 |<\/a>\n\n<a href=\"https:\/\/bisbalpenedes.com\/web\/wp-content\/uploads\/2022\/11\/Agenda-Maig-1-30.pdf\" target=\"_blank\" rel=\"noopener\">| AGENDA MAIG 2022 |<\/a>\n\n<a href=\"https:\/\/bisbalpenedes.com\/web\/wp-content\/uploads\/2022\/11\/Agenda-Abril-1-29.pdf\" target=\"_blank\" rel=\"noopener\">| AGENDA ABRIL 2022 |<\/a>\n\n<a href=\"https:\/\/bisbalpenedes.com\/web\/wp-content\/uploads\/2022\/11\/Agenda-Marc-1-31.pdf\" target=\"_blank\" rel=\"noopener\">| AGENDA MAR\u00c7 2022 |<\/a>\n\n<a href=\"https:\/\/bisbalpenedes.com\/web\/wp-content\/uploads\/2022\/11\/Agenda-Leo-Febrer-1-28.pdf\" target=\"_blank\" rel=\"noopener\">| AGENDA FEBRER 2022 |<\/a>\n\n&lt;style=&#8221;text-align: left;&#8221;=&#8221;&#8221;&gt;<a href=\"https:\/\/bisbalpenedes.com\/web\/leo-uceda-martin-2022-1r-semestre\/\">| AGENDA 2022 &#8211; 1r Semestre<\/a>\n<p style=\"text-align: left;\">&lt;style=&#8221;text-align: left;&#8221;=&#8221;&#8221;&gt;<a href=\"http:\/\/bisbalpenedes.com\/web\/leo-uceda-martin-2021-1r-semestre\/\">| AGENDA 2021 &#8211; 1r Semestre <\/a><a href=\"http:\/\/bisbalpenedes.com\/web\/leo-uceda-martin-2021-2n-semestre\/\">| AGENDA 2021 &#8211; 2n Semestre <\/a>&lt;\/style=&#8221;text-align:&gt;<\/p>\n<p style=\"text-align: left;\">&lt;style=&#8221;text-align: left;&#8221;=&#8221;&#8221;&gt;<a href=\"http:\/\/bisbalpenedes.com\/web\/leo-uceda-martin-2020-1r-semestre\/\">| AGENDA 2020 &#8211; 1r Semestre <\/a><a href=\"http:\/\/bisbalpenedes.com\/web\/leo-uceda-martin-2020-2n-semestre\/\">| AGENDA 2020 &#8211; 2n Semestre <\/a>&lt;\/style=&#8221;text-align:&gt;<\/p>\n<p style=\"text-align: left;\">&lt;style=&#8221;text-align: left;&#8221;=&#8221;&#8221;&gt;<a href=\"http:\/\/bisbalpenedes.com\/web\/leo-uceda-martin-2019-1r-semestre\/\">| AGENDA 2019 &#8211; 1r Semestre <\/a><a href=\"http:\/\/bisbalpenedes.com\/web\/leo-uceda-martin-2019-2n-semestre\/\">| AGENDA 2019 &#8211; 2n Semestre <\/a>&lt;\/style=&#8221;text-align:&gt;<\/p>\n<p style=\"text-align: left;\"><a href=\"http:\/\/bisbalpenedes.com\/web\/leo-uceda-martin-2018-1r-semestre\/\">| AGENDA 2018 &#8211; 1r Semestre <\/a><a href=\"http:\/\/bisbalpenedes.com\/web\/leo-uceda-martin-2018-2n-semestre\/\">| AGENDA 2018 &#8211; 2n Semestre <\/a><\/p>\n<p style=\"text-align: left;\"><a href=\"http:\/\/bisbalpenedes.com\/web\/leo-uceda-martin-2017\">| AGENDA 2017<\/a><\/p><\/div>\n\n\n\n<p>Agenda de gener a juliol de 2022<\/p>\n\n\n\n<p><strong>Setmana del 10 al 16 de gener:<\/strong><br><br>Dilluns 10 de gener:<br>19:00 Reuni\u00f3 amb equip de govern<br>Lloc: Despatx d&#8217;Alcaldia<br><br>Dimarts\u00a011 de gener:<br>11:00 Visita a la llar d&#8217;infants<br>Motiu: supervisar estat de les instal\u00b7lacions<br>12:30 Visita a la pista de\u00a0skate<br>Motiu: supervisar estat de les instal\u00b7lacions<br><br>Dimecres\u00a012 de gener:<br>10:00 Visita a la fassina<br>Motiu: Plantejament projecte<br><br>Divendres\u00a014 de gener:<br>10:30 Reuni\u00f3 amb cap de brigada i visites<br>Lloc: Despatx de l&#8217;Ajuntament, l&#8217;Esplai i\u00a0El\u00a0Priorat<br>Tema:\u00a0organitzaci\u00f3 tasques\u00a0brigada, i mirar obres fetes al local de l&#8217;Esplai i\u00a0l&#8217;ubicaci\u00f3\u00a0de les taules de\u00a0ping-pong\u00a0dels pressupostos participatius<br>20:00 Assemblea General Ordin\u00e0ria Agrupaci\u00f3 Forestal Clot de Bou<br>Lloc: Auditori\u00a0del CMC<\/p>\n\n\n\n<p><strong>Setmana del 17 al 23 de gener:<\/strong><br><br>Dilluns 17 de gener:<br>10:00 Reuni\u00f3 amb t\u00e8cnic d&#8217;urbanisme<br>Lloc: Despatx d&#8217;Alcaldia<br>Motiu: projectes en marxa<br>19:00 Junta de Govern Local<br>Lloc: Despatx d&#8217;Alcaldia<br><br>Dimarts\u00a018 de gener:<br>9:00 Reuni\u00f3 amb escola de m\u00fasica<br>Lloc: Despatx de l&#8217;Ajuntament<br>Motiu: funcionament del curs<br>12:00 Volta pel poble<br>Motiu: mirar temes de mobilitat<br>13:00 Visita a col\u00f2nia de gats<br>Motiu: estat actual de la col\u00f2nia<br><br>Dimecres\u00a019 de gener:<br>10:30 Reuni\u00f3 amb ve\u00ed de l&#8217;Esplai<br>Lloc: Despatx de l&#8217;Ajuntament<br>Motiu: problem\u00e0tica particular<br>11:30 Reuni\u00f3 amb equip de govern i\u00a0empresa<br>Lloc: Despatx d&#8217;Alcaldia<br>Motiu: organitzaci\u00f3 festa major<br>13:00 Visita al Priorat<br>Motiu: comen\u00e7ament de les obres<br><br>Dijous\u00a020 de gener:<br>10:00 Reuni\u00f3 amb\u00a0Aqualia<br>Lloc: Sala de plens<br>Tema: diferents actuacions previstes<\/p>\n\n\n\n<p><strong>Setmana del 24 al 31 de gener:<\/strong><br><br>Dilluns 24 de gener:<br>11:00 Reuni\u00f3 amb cap de brigada<br>Lloc: Despatx de l&#8217;Ajuntament<br>Motiu: organitzaci\u00f3 de les tasques<br><br>Dimarts\u00a025 de gener:<br>9:30 Reuni\u00f3 telem\u00e0tica programes ocupacionals Consell Comarcal Baix Pened\u00e8s<br>Motiu: explicaci\u00f3 dels diferents programes en marxa<br>12:00 Reuni\u00f3 amb ve\u00efna de l&#8217;Esplai<br>Lloc: Despatx de l&#8217;Ajuntament<br>Motiu: problem\u00e0tica amb ve\u00ed<br><br>Dimecres\u00a026 de gener:<br>9:00 Volta al mercat<br>Motiu: problem\u00e0tica amb parades<br><br>Dijous\u00a027 de gener:<br>10:00 Reuni\u00f3 amb directora de la llar d&#8217;infants<br>Lloc: Despatx de la llar<br>Tema: diferents aspectes del funcionament<br><br>Divendres\u00a028 de gener:<br>12:15 Reuni\u00f3 amb cap de brigada<br>Lloc: Despatx de l&#8217;Ajuntament<br>Motiu: organitzaci\u00f3 de les tasques<br><br>Dilluns 31 de gener:<br>18:00 Visita a la\u00a0Miralba\u00a0i al Papagai<br>Motiu: mirar ubicaci\u00f3 dels aparells de fitness dels pressupostos participatius<br>19:00 Junta de govern local<br>Lloc: Despatx d&#8217;Alcaldia<\/p>\n","protected":false},"excerpt":{"rendered":"<p>Agenda de gener a juliol de 2022 Setmana del 10 al 16 de gener: Dilluns 10 de gener:19:00 Reuni\u00f3 amb equip de governLloc: Despatx d&#8217;Alcaldia Dimarts\u00a011 de gener:11:00 Visita a &hellip; <a href=\"https:\/\/bisbalpenedes.com\/web\/leo-uceda-martin\/\" class=\"more-link\">Read More<\/a><\/p>\n","protected":false},"author":1,"featured_media":0,"parent":0,"menu_order":0,"comment_status":"closed","ping_status":"closed","template":"","meta":[],"_links":{"self":[{"href":"https:\/\/bisbalpenedes.com\/web\/wp-json\/wp\/v2\/pages\/21130"}],"collection":[{"href":"https:\/\/bisbalpenedes.com\/web\/wp-json\/wp\/v2\/pages"}],"about":[{"href":"https:\/\/bisbalpenedes.com\/web\/wp-json\/wp\/v2\/types\/page"}],"author":[{"embeddable":true,"href":"https:\/\/bisbalpenedes.com\/web\/wp-json\/wp\/v2\/users\/1"}],"replies":[{"embeddable":true,"href":"https:\/\/bisbalpenedes.com\/web\/wp-json\/wp\/v2\/comments?post=21130"}],"version-history":[{"count":2,"href":"https:\/\/bisbalpenedes.com\/web\/wp-json\/wp\/v2\/pages\/21130\/revisions"}],"predecessor-version":[{"id":21133,"href":"https:\/\/bisbalpenedes.com\/web\/wp-json\/wp\/v2\/pages\/21130\/revisions\/21133"}],"wp:attachment":[{"href":"https:\/\/bisbalpenedes.com\/web\/wp-json\/wp\/v2\/media?parent=21130"}],"curies":[{"name":"wp","href":"https:\/\/api.w.org\/{rel}","templated":true}]}}