{"id":20739,"date":"2022-01-26T13:18:58","date_gmt":"2022-01-26T11:18:58","guid":{"rendered":"https:\/\/bisbalpenedes.com\/web\/?page_id=20739"},"modified":"2022-01-26T13:19:33","modified_gmt":"2022-01-26T11:19:33","slug":"consulta-publica-reglament-recarrega-de-vehicles-electrics","status":"publish","type":"page","link":"https:\/\/bisbalpenedes.com\/web\/consulta-publica-reglament-recarrega-de-vehicles-electrics\/","title":{"rendered":"Consulta p\u00fablica reglament rec\u00e0rrega de vehicles el\u00e8ctrics"},"content":{"rendered":"\n<p><strong>ANUNCIS AL PORTAL WEB DE L&#8217;AJUNTAMENT DE LA CONSULTA P\u00daBLICA DE <\/strong>REC\u00c0RREGA DE VEHICLES EL\u00c8CTRICS<\/p>\n\n\n\n<figure class=\"wp-block-image size-large\"><img loading=\"lazy\" width=\"1024\" height=\"397\" src=\"https:\/\/bisbalpenedes.com\/web\/wp-content\/uploads\/2022\/01\/recarrega_vehicles-1024x397.jpg\" alt=\"\" class=\"wp-image-20740\" srcset=\"https:\/\/bisbalpenedes.com\/web\/wp-content\/uploads\/2022\/01\/recarrega_vehicles-1024x397.jpg 1024w, https:\/\/bisbalpenedes.com\/web\/wp-content\/uploads\/2022\/01\/recarrega_vehicles-600x233.jpg 600w, https:\/\/bisbalpenedes.com\/web\/wp-content\/uploads\/2022\/01\/recarrega_vehicles-300x116.jpg 300w, https:\/\/bisbalpenedes.com\/web\/wp-content\/uploads\/2022\/01\/recarrega_vehicles-768x298.jpg 768w, https:\/\/bisbalpenedes.com\/web\/wp-content\/uploads\/2022\/01\/recarrega_vehicles.jpg 1050w\" sizes=\"(max-width: 1024px) 100vw, 1024px\" \/><\/figure>\n\n\n\n<p class=\"has-vivid-cyan-blue-color has-text-color\"><strong><strong>Consulta p\u00fablica pel reglament de funcionament del nou punt de rec\u00e0rrega de vehicles el\u00e8ctrics o h\u00edbrids endollables<\/strong><\/strong><\/p>\n\n\n\n<p><strong>Fins al 9 de mar\u00e7 de 2022<\/strong> podeu participar en la consulta p\u00fablica per la confecci\u00f3 del reglament d&#8217;\u00fas del servei de rec\u00e0rrega de vehicles el\u00e8ctrics o h\u00edbrida endollables.<\/p>\n\n\n\n<p>El servei consistir\u00e0 en el subministrament el\u00e8ctric per a la rec\u00e0rrega del vehicle el\u00e8ctric o h\u00edbrid endollable que sigui compatible amb els sistemes de rec\u00e0rrega habilitats, mitjan\u00e7ant la connexi\u00f3 a un punt de rec\u00e0rrega municipal situat en un espai p\u00fablic o equipament municipal.<\/p>\n\n\n\n<p>El primer punt de servei de rec\u00e0rrega que s&#8217;instal\u00b7lar\u00e0 al municipi, ser\u00e0 el sorgit als pressupostos participatius 2021 i que, properament, s&#8217;instal\u00b7lar\u00e0 a l&#8217;era de batre. El reglament d&#8217;\u00fas ser\u00e0 per aquest punt i per altres punts que es vagin instal\u00b7lant al municipi.<\/p>\n\n\n\n<p>L&#8217;objectiu de la consulta \u00e9s recollir l&#8217;opini\u00f3 dels bisbalencs i bisbalenques d&#8217;aquest nou servei. Una vegada redactada la proposta de reglament, aquesta haur\u00e0 d&#8217;aprovar-se al Ple de la Corporaci\u00f3 municipal.<\/p>\n\n\n\n<p><strong>CONSULTA P\u00daBLICA REC\u00c0RREGA DE VEHICLES EL\u00c8CTRICS<\/strong><br><div style=\"display:none\" class=\"fm-form-container fm-theme1\"><div id=\"fm-pages9\" class=\"fm-pages wdform_page_navigation \" show_title=\"\" show_numbers=\"1\" type=\"none\"><\/div><form name=\"form9\" action=\"\/web\/wp-json\/wp\/v2\/pages\/20739\" method=\"post\" id=\"form9\" class=\"fm-form form9  \" enctype=\"multipart\/form-data\"><input type=\"hidden\" id=\"fm_page_id9\" value=\"20739\" name=\"fm_page_id9\" \/><input type=\"hidden\" id=\"fm_current_post_type9\" value=\"page\" name=\"fm_current_post_type9\" \/><input type=\"hidden\" id=\"counter9\" value=\"15\" name=\"counter9\" \/><input type=\"hidden\" id=\"Itemid9\" value=\"\" name=\"Itemid9\" \/><input type=\"hidden\" id=\"fm_shake9\" value=\"1\" name=\"fm_shake9\" \/><input type=\"text\" class=\"fm-hide\" id=\"fm_empty_field_validation9\" value=\"\" name=\"fm_empty_field_validation9\" data-value=\"bd736efb144d599cf463541431fbf5c4\" \/><div class=\"fm-header-bg\"><div class=\"fm-header \"><div class=\"fm-header-text\">          <div class=\"fm-header-title\">            Consulta p\u00fablica ordenan\u00e7a conservaci\u00f3 i neteja solars buits          <\/div>          <div class=\"fm-header-description\">                      <\/div>        <\/div><\/div><\/div><div class=\"wdform-page-and-images fm-form-builder\"><div id=\"9form_view1\" class=\"wdform_page\" page_title=\"Untitled page\" next_title=\"Next\" next_type=\"text\" next_class=\"wdform-page-button\" next_checkable=\"true\" previous_title=\"Previous\" previous_type=\"text\" previous_class=\"wdform-page-button\" previous_checkable=\"false\"><div class=\"wdform_section\"><div class=\"wdform_column\"><div wdid=\"2\" class=\"wdform_row\"><div type=\"type_name\" class=\"wdform-field wd-width-100 wd-flex wd-flex-column fm-type_name\" ><div class=\"wdform-label-section wd-width-100  wd-flex-row\">    <label  for=\"wdform_2_element_first9\" class=\"wdform-label\">Nom Complet<\/label><span class=\"wdform-required\">*<\/span><\/div><div class=\"wdform-element-section wd-flex  wd-flex-row wd-width-100\" ><div class=\"wd-flex wd-flex-column wd-width-50\"><input type=\"text\" class=\"wd-width-100\" id=\"wdform_2_element_first9\" name=\"wdform_2_element_first9\" data-value=\"\" value=\"\" title=\"\" placeholder=\"\"  \/><label class=\"mini_label\" for=\"wdform_2_element_first9\">Nom<\/label><\/div><div class=\"wd-flex wd-flex-column wd-name-separator\"><\/div><div class=\"wd-flex wd-flex-column wd-width-50\"><input type=\"text\" class=\"wd-width-100\" id=\"wdform_2_element_last9\" name=\"wdform_2_element_last9\" data-value=\"\" value=\"\" title=\"\" placeholder=\"\"  \/><label class=\"mini_label\" for=\"wdform_2_element_last9\">Cognoms<\/label><\/div><\/div><\/div><\/div><\/div><div class=\"wdform_column\"><div wdid=\"3\" class=\"wdform_row\" style=\"position: relative; left: 0px; top: 0px;\"><div type=\"type_submitter_mail\" class=\"wdform-field wd-width-100 wd-flex wd-flex-column fm-type_submitter_mail\" ><div class=\"wdform-label-section wd-width-100  wd-flex-row\">    <label  for=\"wdform_3_element9\" class=\"wdform-label\">Email<\/label><span class=\"wdform-required\">*<\/span><\/div><div class=\"wdform-element-section wd-flex  wd-flex-row wd-width-100\" ><input type=\"text\" class=\"wd-width-100\" id=\"wdform_3_element9\" name=\"wdform_3_element9\" data-value=\"\" value=\"\" title=\"\" placeholder=\"\"   onchange=\"wd_check_email('3', '9', 'Aix\u00f2 no \u00e9s una adre\u00e7a de correu electr\u00f2nic v\u00e0lida.')\" \/><\/div><\/div><\/div><\/div><div class=\"wdform_column\"><div wdid=\"5\" class=\"wdform_row\"><div type=\"type_textarea\" class=\"wdform-field wd-width-100 wd-flex wd-flex-column fm-type_textarea\" ><div class=\"wdform-label-section wd-width-100 \">    <label  for=\"wdform_5_element9\" class=\"wdform-label\">DESCRIPCI\u00d3 DE LA VOSTRA PROPOSTA<\/label><\/div><div class=\"wdform-element-section wd-flex  wd-width-100\" ><textarea class=\"wd-width-100\"                      id=\"wdform_5_element9\"                      name=\"wdform_5_element9\"                      placeholder=\"\"                      data-value=\"\"                      maxlength=\"\"                      style=\"height: 100px;\"                      ><\/textarea><\/div><\/div><\/div><\/div><div class=\"wdform_column\"><div wdid=\"14\" class=\"wdform_row\"><div type=\"type_textarea\" class=\"wdform-field wd-width-100 wd-flex wd-flex-column fm-type_textarea\" ><div class=\"wdform-label-section wd-width-100 \">    <label  for=\"wdform_14_element9\" class=\"wdform-label\">PROPOSTA ALTERNATIVA<\/label><\/div><div class=\"wdform-element-section wd-flex  wd-width-100\" ><textarea class=\"wd-width-100\"                      id=\"wdform_14_element9\"                      name=\"wdform_14_element9\"                      placeholder=\"\"                      data-value=\"\"                      maxlength=\"\"                      style=\"height: 100px;\"                      ><\/textarea><\/div><\/div><\/div><\/div><div class=\"wdform_column\"><div wdid=\"1\" class=\"wdform_row\"><div type=\"type_submit_reset\" class=\"wdform-field wd-width-100 wd-flex wd-flex-column fm-type_submit_reset\" ><div class=\"wdform-element-section wd-flex  wd-flex-row wd-justify-content-left wd-width-100\" ><button  type=\"button\" class=\"button-submit\" onclick=\"fm_submit_form('9');\"  attribute=value data-ajax=\"0\"><span class=\"fm-submit-loading spinner fm-ico-spinner\"><\/span>Envia<\/button><button  type=\"button\" class=\"button-reset wd-hidden\" onclick=\"fm_reset_form(9);\"  attribute=value>Reset<\/button><\/div><\/div><\/div><\/div><\/div><div valign=\"top\" class=\"wdform_footer wd-width-100\"><div class=\"wd-width-100\"><div class=\"wd-width-100 wd-table\" style=\"padding-top:10px;\"><div class=\"wd-table-group\"><div id=\"9page_nav1\" class=\"wd-table-row\"><\/div><\/div><\/div><\/div><\/div><\/div><\/div><div class=\"wdform_preload\"><\/div><input type=\"hidden\" name=\"fm-current-page\" value=\"https:\/\/bisbalpenedes.com\/web\/wp-json\/wp\/v2\/pages\/20739\" \/><\/form><\/div><\/p>\n\n\n\n<p>Av\u00eds legal i Pol\u00edtica de Privacitat<br>Protecci\u00f3 de Dades Personals<br>En virtut de la Llei 15\/1999 de 13 de desembre, sobre la Protecci\u00f3 de Dades de Car\u00e0cter Personal, el fem coneixedor que les seves dades personals, que poden estar en aquesta comunicaci\u00f3, estan incorporades en un fitxer automatitzat responsabilitat de l&#8217;Ajuntament de la Bisbal del Pened\u00e8s NIF: P-4302800J. La finalitat d\u2019aquest fitxer \u00e9s gestionar la relaci\u00f3 negocial i informar-lo dels nostres serveis. Aquestes dades no seran transmeses a terceres persones. Si desitja exercir els drets d\u2019acc\u00e9s, rectificaci\u00f3, cancel\u2022laci\u00f3, oposici\u00f3, o no desitja rebre m\u00e9s informaci\u00f3 pot dirigir-se a: l&#8217;Ajuntament de la Bisbal del Pened\u00e8s, c. Major, 21. 43717 la Bisbal del Pened\u00e8s, o b\u00e9, enviar un correu electr\u00f2nic a info@bisbalpenedes.com<\/p>\n","protected":false},"excerpt":{"rendered":"<p>ANUNCIS AL PORTAL WEB DE L&#8217;AJUNTAMENT DE LA CONSULTA P\u00daBLICA DE REC\u00c0RREGA DE VEHICLES EL\u00c8CTRICS Consulta p\u00fablica pel reglament de funcionament del nou punt de rec\u00e0rrega de vehicles el\u00e8ctrics o &hellip; <a href=\"https:\/\/bisbalpenedes.com\/web\/consulta-publica-reglament-recarrega-de-vehicles-electrics\/\" class=\"more-link\">Read More<\/a><\/p>\n","protected":false},"author":1,"featured_media":0,"parent":0,"menu_order":0,"comment_status":"closed","ping_status":"closed","template":"","meta":[],"_links":{"self":[{"href":"https:\/\/bisbalpenedes.com\/web\/wp-json\/wp\/v2\/pages\/20739"}],"collection":[{"href":"https:\/\/bisbalpenedes.com\/web\/wp-json\/wp\/v2\/pages"}],"about":[{"href":"https:\/\/bisbalpenedes.com\/web\/wp-json\/wp\/v2\/types\/page"}],"author":[{"embeddable":true,"href":"https:\/\/bisbalpenedes.com\/web\/wp-json\/wp\/v2\/users\/1"}],"replies":[{"embeddable":true,"href":"https:\/\/bisbalpenedes.com\/web\/wp-json\/wp\/v2\/comments?post=20739"}],"version-history":[{"count":3,"href":"https:\/\/bisbalpenedes.com\/web\/wp-json\/wp\/v2\/pages\/20739\/revisions"}],"predecessor-version":[{"id":20744,"href":"https:\/\/bisbalpenedes.com\/web\/wp-json\/wp\/v2\/pages\/20739\/revisions\/20744"}],"wp:attachment":[{"href":"https:\/\/bisbalpenedes.com\/web\/wp-json\/wp\/v2\/media?parent=20739"}],"curies":[{"name":"wp","href":"https:\/\/api.w.org\/{rel}","templated":true}]}}

Consulta pública reglament recàrrega de vehicles elèctrics

<p><strong>ANUNCIS AL PORTAL WEB DE L&#8217;AJUNTAMENT DE LA CONSULTA PÚBLICA DE </strong>RECÀRREGA DE VEHICLES ELÈCTRICS</p>



<figure class="wp-block-image size-large"><img loading="lazy" width="1024" height="397" src="https://bisbalpenedes.com/web/wp-content/uploads/2022/01/recarrega_vehicles-1024x397.jpg" alt="" class="wp-image-20740" srcset="https://bisbalpenedes.com/web/wp-content/uploads/2022/01/recarrega_vehicles-1024x397.jpg 1024w, https://bisbalpenedes.com/web/wp-content/uploads/2022/01/recarrega_vehicles-600x233.jpg 600w, https://bisbalpenedes.com/web/wp-content/uploads/2022/01/recarrega_vehicles-300x116.jpg 300w, https://bisbalpenedes.com/web/wp-content/uploads/2022/01/recarrega_vehicles-768x298.jpg 768w, https://bisbalpenedes.com/web/wp-content/uploads/2022/01/recarrega_vehicles.jpg 1050w" sizes="(max-width: 1024px) 100vw, 1024px" /></figure>



<p class="has-vivid-cyan-blue-color has-text-color"><strong><strong>Consulta pública pel reglament de funcionament del nou punt de recàrrega de vehicles elèctrics o híbrids endollables</strong></strong></p>



<p><strong>Fins al 9 de març de 2022</strong> podeu participar en la consulta pública per la confecció del reglament d&#8217;ús del servei de recàrrega de vehicles elèctrics o híbrida endollables.</p>



<p>El servei consistirà en el subministrament elèctric per a la recàrrega del vehicle elèctric o híbrid endollable que sigui compatible amb els sistemes de recàrrega habilitats, mitjançant la connexió a un punt de recàrrega municipal situat en un espai públic o equipament municipal.</p>



<p>El primer punt de servei de recàrrega que s&#8217;instal·larà al municipi, serà el sorgit als pressupostos participatius 2021 i que, properament, s&#8217;instal·larà a l&#8217;era de batre. El reglament d&#8217;ús serà per aquest punt i per altres punts que es vagin instal·lant al municipi.</p>



<p>L&#8217;objectiu de la consulta és recollir l&#8217;opinió dels bisbalencs i bisbalenques d&#8217;aquest nou servei. Una vegada redactada la proposta de reglament, aquesta haurà d&#8217;aprovar-se al Ple de la Corporació municipal.</p>



<p><strong>CONSULTA PÚBLICA RECÀRREGA DE VEHICLES ELÈCTRICS</strong><br><div style="display:none" class="fm-form-container fm-theme1"><div id="fm-pages9" class="fm-pages wdform_page_navigation " show_title="" show_numbers="1" type="none"></div><form name="form9" action="/web/wp-json/wp/v2/pages/20739" method="post" id="form9" class="fm-form form9  " enctype="multipart/form-data"><input type="hidden" id="fm_page_id9" value="20739" name="fm_page_id9" /><input type="hidden" id="fm_current_post_type9" value="page" name="fm_current_post_type9" /><input type="hidden" id="counter9" value="15" name="counter9" /><input type="hidden" id="Itemid9" value="" name="Itemid9" /><input type="hidden" id="fm_shake9" value="1" name="fm_shake9" /><input type="text" class="fm-hide" id="fm_empty_field_validation9" value="" name="fm_empty_field_validation9" data-value="bd736efb144d599cf463541431fbf5c4" /><div class="fm-header-bg"><div class="fm-header "><div class="fm-header-text">          <div class="fm-header-title">            Consulta pública ordenança conservació i neteja solars buits          </div>          <div class="fm-header-description">                      </div>        </div></div></div><div class="wdform-page-and-images fm-form-builder"><div id="9form_view1" class="wdform_page" page_title="Untitled page" next_title="Next" next_type="text" next_class="wdform-page-button" next_checkable="true" previous_title="Previous" previous_type="text" previous_class="wdform-page-button" previous_checkable="false"><div class="wdform_section"><div class="wdform_column"><div wdid="2" class="wdform_row"><div type="type_name" class="wdform-field wd-width-100 wd-flex wd-flex-column fm-type_name" ><div class="wdform-label-section wd-width-100  wd-flex-row">    <label  for="wdform_2_element_first9" class="wdform-label">Nom Complet</label><span class="wdform-required">*</span></div><div class="wdform-element-section wd-flex  wd-flex-row wd-width-100" ><div class="wd-flex wd-flex-column wd-width-50"><input type="text" class="wd-width-100" id="wdform_2_element_first9" name="wdform_2_element_first9" data-value="" value="" title="" placeholder=""  /><label class="mini_label" for="wdform_2_element_first9">Nom</label></div><div class="wd-flex wd-flex-column wd-name-separator"></div><div class="wd-flex wd-flex-column wd-width-50"><input type="text" class="wd-width-100" id="wdform_2_element_last9" name="wdform_2_element_last9" data-value="" value="" title="" placeholder=""  /><label class="mini_label" for="wdform_2_element_last9">Cognoms</label></div></div></div></div></div><div class="wdform_column"><div wdid="3" class="wdform_row" style="position: relative; left: 0px; top: 0px;"><div type="type_submitter_mail" class="wdform-field wd-width-100 wd-flex wd-flex-column fm-type_submitter_mail" ><div class="wdform-label-section wd-width-100  wd-flex-row">    <label  for="wdform_3_element9" class="wdform-label">Email</label><span class="wdform-required">*</span></div><div class="wdform-element-section wd-flex  wd-flex-row wd-width-100" ><input type="text" class="wd-width-100" id="wdform_3_element9" name="wdform_3_element9" data-value="" value="" title="" placeholder=""   onchange="wd_check_email('3', '9', 'Això no és una adreça de correu electrònic vàlida.')" /></div></div></div></div><div class="wdform_column"><div wdid="5" class="wdform_row"><div type="type_textarea" class="wdform-field wd-width-100 wd-flex wd-flex-column fm-type_textarea" ><div class="wdform-label-section wd-width-100 ">    <label  for="wdform_5_element9" class="wdform-label">DESCRIPCIÓ DE LA VOSTRA PROPOSTA</label></div><div class="wdform-element-section wd-flex  wd-width-100" ><textarea class="wd-width-100"                      id="wdform_5_element9"                      name="wdform_5_element9"                      placeholder=""                      data-value=""                      maxlength=""                      style="height: 100px;"                      ></textarea></div></div></div></div><div class="wdform_column"><div wdid="14" class="wdform_row"><div type="type_textarea" class="wdform-field wd-width-100 wd-flex wd-flex-column fm-type_textarea" ><div class="wdform-label-section wd-width-100 ">    <label  for="wdform_14_element9" class="wdform-label">PROPOSTA ALTERNATIVA</label></div><div class="wdform-element-section wd-flex  wd-width-100" ><textarea class="wd-width-100"                      id="wdform_14_element9"                      name="wdform_14_element9"                      placeholder=""                      data-value=""                      maxlength=""                      style="height: 100px;"                      ></textarea></div></div></div></div><div class="wdform_column"><div wdid="1" class="wdform_row"><div type="type_submit_reset" class="wdform-field wd-width-100 wd-flex wd-flex-column fm-type_submit_reset" ><div class="wdform-element-section wd-flex  wd-flex-row wd-justify-content-left wd-width-100" ><button  type="button" class="button-submit" onclick="fm_submit_form('9');"  attribute=value data-ajax="0"><span class="fm-submit-loading spinner fm-ico-spinner"></span>Envia</button><button  type="button" class="button-reset wd-hidden" onclick="fm_reset_form(9);"  attribute=value>Reset</button></div></div></div></div></div><div valign="top" class="wdform_footer wd-width-100"><div class="wd-width-100"><div class="wd-width-100 wd-table" style="padding-top:10px;"><div class="wd-table-group"><div id="9page_nav1" class="wd-table-row"></div></div></div></div></div></div></div><div class="wdform_preload"></div><input type="hidden" name="fm-current-page" value="https://bisbalpenedes.com/web/wp-json/wp/v2/pages/20739" /></form></div></p>



<p>Avís legal i Política de Privacitat<br>Protecció de Dades Personals<br>En virtut de la Llei 15/1999 de 13 de desembre, sobre la Protecció de Dades de Caràcter Personal, el fem coneixedor que les seves dades personals, que poden estar en aquesta comunicació, estan incorporades en un fitxer automatitzat responsabilitat de l&#8217;Ajuntament de la Bisbal del Penedès NIF: P-4302800J. La finalitat d’aquest fitxer és gestionar la relació negocial i informar-lo dels nostres serveis. Aquestes dades no seran transmeses a terceres persones. Si desitja exercir els drets d’accés, rectificació, cancel•lació, oposició, o no desitja rebre més informació pot dirigir-se a: l&#8217;Ajuntament de la Bisbal del Penedès, c. Major, 21. 43717 la Bisbal del Penedès, o bé, enviar un correu electrònic a info@bisbalpenedes.com</p>

<p>ANUNCIS AL PORTAL WEB DE L&#8217;AJUNTAMENT DE LA CONSULTA PÚBLICA DE RECÀRREGA DE VEHICLES ELÈCTRICS Consulta pública pel reglament de funcionament del nou punt de recàrrega de vehicles elèctrics o &hellip; <a href="https://bisbalpenedes.com/web/consulta-publica-reglament-recarrega-de-vehicles-electrics/" class="more-link">Read More</a></p>
