{"id":17729,"date":"2021-05-14T12:11:32","date_gmt":"2021-05-14T10:11:32","guid":{"rendered":"https:\/\/bisbalpenedes.com\/web\/?page_id=17729"},"modified":"2021-05-14T12:19:25","modified_gmt":"2021-05-14T10:19:25","slug":"pressupost-participatiu-2021","status":"publish","type":"page","link":"https:\/\/bisbalpenedes.com\/web\/pressupost-participatiu-2021\/","title":{"rendered":"Pressupost participatiu 2021"},"content":{"rendered":"\n<p class=\"has-pale-cyan-blue-background-color has-background\">La partida del pressupost de l\u2019Ajuntament 2021 pels pressupostos 2021 \u00e9s de 72.000\u20ac.<\/p>\n\n\n\n<p>Del 17 al 30 de maig s\u2019obrir\u00e0 una consulta p\u00fablica a trav\u00e9s del web de l\u2019Ajuntament per recollir les propostes de la ciutadania.<\/p>\n\n\n\n<p>El 2018 es van fer reunions explicatives i reunions per decidir qu\u00e8 es feia a cada nucli per\u00f2 enguany, per les mesures preventives per evitar el contagi de la covid-19, s\u2019evitaran reunions i concentracions de persones. Per aquest motiu, durant el mes de maig es recolliran propostes per valorar-les.<\/p>\n\n\n\n<p>L\u2019Ajuntament valorar\u00e0 les propostes durant el mes de juny i preparar\u00e0 un m\u00e0xim de cinc propostes per cada nucli.<\/p>\n\n\n\n<p>Es repartir\u00e0 a cada casa una cartolina amb les propostes del seu nucli, per escollir. Per votar quina \u00e9s la millor proposta pel nucli on viu, haur\u00e0 d\u2019anar al mateix nucli o a l&#8217;Ajuntament el mes de juliol i agost.<\/p>\n\n\n\n<p>Properament s&#8217;indicaran dies i hores.<\/p>\n\n\n\n<div style=\"display:none\" class=\"fm-form-container fm-theme1\"><div id=\"fm-pages6\" class=\"fm-pages wdform_page_navigation \" show_title=\"\" show_numbers=\"1\" type=\"none\"><\/div><form name=\"form6\" action=\"\/web\/wp-json\/wp\/v2\/pages\/17729\" method=\"post\" id=\"form6\" class=\"fm-form form6  \" enctype=\"multipart\/form-data\"><input type=\"hidden\" id=\"fm_page_id6\" value=\"17729\" name=\"fm_page_id6\" \/><input type=\"hidden\" id=\"fm_current_post_type6\" value=\"page\" name=\"fm_current_post_type6\" \/><input type=\"hidden\" id=\"counter6\" value=\"22\" name=\"counter6\" \/><input type=\"hidden\" id=\"Itemid6\" value=\"\" name=\"Itemid6\" \/><input type=\"hidden\" id=\"fm_shake6\" value=\"1\" name=\"fm_shake6\" \/><input type=\"text\" class=\"fm-hide\" id=\"fm_empty_field_validation6\" value=\"\" name=\"fm_empty_field_validation6\" data-value=\"bd736efb144d599cf463541431fbf5c4\" \/><div class=\"wdform-page-and-images fm-form-builder\"><div id=\"6form_view1\" class=\"wdform_page\" page_title=\"Untitled page\" next_title=\"Next\" next_type=\"text\" next_class=\"wdform-page-button\" next_checkable=\"true\" previous_title=\"Previous\" previous_type=\"text\" previous_class=\"wdform-page-button\" previous_checkable=\"false\"><div class=\"wdform_section\"><div class=\"wdform_column\"><div wdid=\"2\" class=\"wdform_row\"><div type=\"type_name\" class=\"wdform-field wd-width-100 wd-flex wd-flex-column fm-type_name\" ><div class=\"wdform-label-section wd-width-100  wd-flex-row\">    <label  for=\"wdform_2_element_first6\" class=\"wdform-label\">Nom Complet<\/label><span class=\"wdform-required\">*<\/span><\/div><div class=\"wdform-element-section wd-flex  wd-flex-row wd-width-100\" ><div class=\"wd-flex wd-flex-column wd-width-50\"><input type=\"text\" class=\"wd-width-100\" id=\"wdform_2_element_first6\" name=\"wdform_2_element_first6\" data-value=\"\" value=\"\" title=\"\" placeholder=\"\"  \/><label class=\"mini_label\" for=\"wdform_2_element_first6\">Nom<\/label><\/div><div class=\"wd-flex wd-flex-column wd-name-separator\"><\/div><div class=\"wd-flex wd-flex-column wd-width-50\"><input type=\"text\" class=\"wd-width-100\" id=\"wdform_2_element_last6\" name=\"wdform_2_element_last6\" data-value=\"\" value=\"\" title=\"\" placeholder=\"\"  \/><label class=\"mini_label\" for=\"wdform_2_element_last6\">Cognoms<\/label><\/div><\/div><\/div><\/div><\/div><div class=\"wdform_column\"><div wdid=\"3\" class=\"wdform_row\"><div type=\"type_submitter_mail\" class=\"wdform-field wd-width-100 wd-flex wd-flex-column fm-type_submitter_mail\" ><div class=\"wdform-label-section wd-width-100  wd-flex-row\">    <label  for=\"wdform_3_element6\" class=\"wdform-label\">Email<\/label><span class=\"wdform-required\">*<\/span><\/div><div class=\"wdform-element-section wd-flex  wd-flex-row wd-width-100\" ><input type=\"text\" class=\"wd-width-100\" id=\"wdform_3_element6\" name=\"wdform_3_element6\" data-value=\"\" value=\"\" title=\"\" placeholder=\"\"   onchange=\"wd_check_email('3', '6', 'Aix\u00f2 no \u00e9s una adre\u00e7a de correu electr\u00f2nic v\u00e0lida.')\" \/><\/div><\/div><\/div><div wdid=\"12\" class=\"wdform_row\" style=\"position: relative; left: 0px; top: 0px;\"><div type=\"type_text\" class=\"wdform-field wd-width-100 wd-flex wd-flex-column fm-type_text\" ><div class=\"wdform-label-section wd-width-100  wd-flex-row wd-align-items-center\" style=\"max-width: 300px;\">    <label  for=\"wdform_12_element6\" class=\"wdform-label\">Tel\u00e8fon<\/label><span class=\"wdform-required\">*<\/span><\/div><div class=\"wdform-element-section wd-flex  wd-flex-row wd-align-items-center wd-width-100\" ><input type=\"text\"                           class=\"wd-width-100\"                           id=\"wdform_12_element6\"                           name=\"wdform_12_element6\"                           value=\"\"                           data-value=\"\"                           title=\"\"                           placeholder=\"\"                                                       \/><\/div><\/div><\/div><div wdid=\"20\" class=\"wdform_row\" style=\"position: relative; left: 0px; top: 0px;\"><div type=\"type_text\" class=\"wdform-field wd-width-100 wd-flex wd-flex-column fm-type_text\" ><div class=\"wdform-label-section wd-width-100  wd-flex-row wd-align-items-center\">    <label  for=\"wdform_20_element6\" class=\"wdform-label\">Poblaci\u00f3<\/label><span class=\"wdform-required\">*<\/span><\/div><div class=\"wdform-element-section wd-flex  wd-flex-row wd-align-items-center wd-width-100\" ><input type=\"text\"                           class=\"wd-width-100\"                           id=\"wdform_20_element6\"                           name=\"wdform_20_element6\"                           value=\"\"                           data-value=\"\"                           title=\"\"                           placeholder=\"\"                                                       \/><\/div><\/div><\/div><\/div><div class=\"wdform_column\"><div wdid=\"16\" class=\"wdform_row\" style=\"position: relative; left: 0px; top: 0px;\"><div type=\"type_textarea\" class=\"wdform-field wd-width-100 wd-flex wd-flex-column fm-type_textarea\" ><div class=\"wdform-label-section wd-width-100 \">    <label  for=\"wdform_16_element6\" class=\"wdform-label\">Altres comentaris<\/label><\/div><div class=\"wdform-element-section wd-flex  wd-width-100\" ><textarea class=\"wd-width-100\"                      id=\"wdform_16_element6\"                      name=\"wdform_16_element6\"                      placeholder=\"INSCRIPCIONS FINALITZADES excepte si et vols inscriure al Torneig de 3x3 BASQUET, qure cal que escriguis aqu\u00ed el nom de l&#039;equip i els tres participants\"                      data-value=\"\"                      maxlength=\"\"                      style=\"height: 100px;\"                      ><\/textarea><\/div><\/div><\/div><\/div><div class=\"wdform_column\"><div wdid=\"19\" class=\"wdform_row\" style=\"position: relative; left: 0px; top: 0px;\"><div type=\"type_spinner\" class=\"wdform-field wd-width-100 wd-flex wd-flex-column fm-type_spinner\" ><div class=\"wdform-label-section wd-width-100  wd-flex-row\">    <label  for=\"wdform_19_element6\" class=\"wdform-label\">Edat<\/label><span class=\"wdform-required\">*<\/span><\/div><div class=\"wdform-element-section wd-flex  wd-flex-row wd-width-100\" ><input                            name=\"wdform_19_element6\"                            id=\"wdform_19_element6\"                            class=\"wd-type-number\"                            onkeyup=\"wd_validate(this)\"                            data-valid-type=\"number\"                            data-form-id=\"6\"                            data-wdid=\"19\"                            style=\"width: px;\"                            data-value=\"\"                            value=\"\"                             attribute=value \/><\/div><\/div><\/div><\/div><div class=\"wdform_column\"><div wdid=\"1\" class=\"wdform_row\"><div type=\"type_submit_reset\" class=\"wdform-field wd-width-100 wd-flex wd-flex-column fm-type_submit_reset\" ><div class=\"wdform-element-section wd-flex  wd-flex-row wd-justify-content-left wd-width-100\" ><button  type=\"button\" class=\"button-submit\" onclick=\"fm_submit_form('6');\"  attribute=value data-ajax=\"0\"><span class=\"fm-submit-loading spinner fm-ico-spinner\"><\/span>Envia Inscripci\u00f3<\/button><button  type=\"button\" class=\"button-reset wd-hidden\" onclick=\"fm_reset_form(6);\"  attribute=value>Borrar<\/button><\/div><\/div><\/div><\/div><\/div><div valign=\"top\" class=\"wdform_footer wd-width-100\"><div class=\"wd-width-100\"><div class=\"wd-width-100 wd-table\" style=\"padding-top:10px;\"><div class=\"wd-table-group\"><div id=\"6page_nav1\" class=\"wd-table-row\"><\/div><\/div><\/div><\/div><\/div><\/div><\/div><div class=\"wdform_preload\"><\/div><input type=\"hidden\" name=\"fm-current-page\" value=\"https:\/\/bisbalpenedes.com\/web\/wp-json\/wp\/v2\/pages\/17729\" \/><\/form><\/div>\n","protected":false},"excerpt":{"rendered":"<p>La partida del pressupost de l\u2019Ajuntament 2021 pels pressupostos 2021 \u00e9s de 72.000\u20ac. Del 17 al 30 de maig s\u2019obrir\u00e0 una consulta p\u00fablica a trav\u00e9s del web de l\u2019Ajuntament per &hellip; <a href=\"https:\/\/bisbalpenedes.com\/web\/pressupost-participatiu-2021\/\" class=\"more-link\">Read More<\/a><\/p>\n","protected":false},"author":1,"featured_media":17730,"parent":0,"menu_order":0,"comment_status":"closed","ping_status":"closed","template":"","meta":[],"_links":{"self":[{"href":"https:\/\/bisbalpenedes.com\/web\/wp-json\/wp\/v2\/pages\/17729"}],"collection":[{"href":"https:\/\/bisbalpenedes.com\/web\/wp-json\/wp\/v2\/pages"}],"about":[{"href":"https:\/\/bisbalpenedes.com\/web\/wp-json\/wp\/v2\/types\/page"}],"author":[{"embeddable":true,"href":"https:\/\/bisbalpenedes.com\/web\/wp-json\/wp\/v2\/users\/1"}],"replies":[{"embeddable":true,"href":"https:\/\/bisbalpenedes.com\/web\/wp-json\/wp\/v2\/comments?post=17729"}],"version-history":[{"count":2,"href":"https:\/\/bisbalpenedes.com\/web\/wp-json\/wp\/v2\/pages\/17729\/revisions"}],"predecessor-version":[{"id":17735,"href":"https:\/\/bisbalpenedes.com\/web\/wp-json\/wp\/v2\/pages\/17729\/revisions\/17735"}],"wp:featuredmedia":[{"embeddable":true,"href":"https:\/\/bisbalpenedes.com\/web\/wp-json\/wp\/v2\/media\/17730"}],"wp:attachment":[{"href":"https:\/\/bisbalpenedes.com\/web\/wp-json\/wp\/v2\/media?parent=17729"}],"curies":[{"name":"wp","href":"https:\/\/api.w.org\/{rel}","templated":true}]}}