{"id":140,"date":"2012-10-09T17:06:38","date_gmt":"2012-10-09T11:06:38","guid":{"rendered":"http:\/\/bisbalpenedes.com\/web\/?page_id=140"},"modified":"2022-09-12T18:09:36","modified_gmt":"2022-09-12T16:09:36","slug":"transports","status":"publish","type":"page","link":"https:\/\/bisbalpenedes.com\/web\/transports\/","title":{"rendered":"Transports"},"content":{"rendered":"\n<div class=\"wp-container-4 wp-block-group\"><div class=\"wp-block-group__inner-container\">\n<div class=\"wp-container-3 wp-block-columns\">\n<div class=\"wp-container-2 wp-block-column\" style=\"flex-basis:100%\">\n<div class=\"wp-container-1 wp-block-group\"><div class=\"wp-block-group__inner-container\">\n<h4>Servei de bus:<\/h4>\n<ul>\n<li>servei amb horaris i parades, sense trucada telef\u00f2nica per reservar<\/li>\n<li>horaris i parades per circular dins el municipi<\/li>\n<li>horaris i parades per anar i tornar al Vendrell, amb tres parades al Vendrell (les Mates a la carretera de Barcelona, l&#8217;hospital i la parada de busos)<\/li>\n<li>servei de dilluns a divendres feiners<\/li>\n<li>els dissabtes hi ha anades i tornades al Vendrell des del nucli<\/li>\n<\/ul>\n\n\n\n<p><\/p>\n\n\n\n<p>Tots els horaris que trobareu a continuaci\u00f3 a excepci\u00f3 de les anades a l&#8217;institut, que s&#8217;han modificat en alguns casos. Us adjuntem l&#8217;horari v\u00e0lid des del 13 de setembre de 2022:<\/p>\n\n\n\n<figure class=\"wp-block-image size-large\"><img loading=\"lazy\" width=\"1024\" height=\"724\" src=\"https:\/\/bisbalpenedes.com\/web\/wp-content\/uploads\/2022\/09\/Horari-institut-curs-2022-2023_page-0001-1024x724.jpg\" alt=\"\" class=\"wp-image-23223\" srcset=\"https:\/\/bisbalpenedes.com\/web\/wp-content\/uploads\/2022\/09\/Horari-institut-curs-2022-2023_page-0001-1024x724.jpg 1024w, https:\/\/bisbalpenedes.com\/web\/wp-content\/uploads\/2022\/09\/Horari-institut-curs-2022-2023_page-0001-300x212.jpg 300w, https:\/\/bisbalpenedes.com\/web\/wp-content\/uploads\/2022\/09\/Horari-institut-curs-2022-2023_page-0001-768x543.jpg 768w, https:\/\/bisbalpenedes.com\/web\/wp-content\/uploads\/2022\/09\/Horari-institut-curs-2022-2023_page-0001-1536x1086.jpg 1536w, https:\/\/bisbalpenedes.com\/web\/wp-content\/uploads\/2022\/09\/Horari-institut-curs-2022-2023_page-0001-600x424.jpg 600w, https:\/\/bisbalpenedes.com\/web\/wp-content\/uploads\/2022\/09\/Horari-institut-curs-2022-2023_page-0001.jpg 1755w\" sizes=\"(max-width: 1024px) 100vw, 1024px\" \/><\/figure>\n<\/div><\/div>\n\n\n\n<p><strong>Preus<\/strong> (els menors de 4 anys no paguen tiquet):<\/p>\n<\/div>\n<\/div>\n<\/div><\/div>\n\n\n\n<figure class=\"wp-block-image size-large\"><img loading=\"lazy\" width=\"1024\" height=\"238\" src=\"https:\/\/bisbalpenedes.com\/web\/wp-content\/uploads\/2021\/04\/PREU_BUS-1024x238.jpg\" alt=\"\" class=\"wp-image-17441\" srcset=\"https:\/\/bisbalpenedes.com\/web\/wp-content\/uploads\/2021\/04\/PREU_BUS-1024x238.jpg 1024w, https:\/\/bisbalpenedes.com\/web\/wp-content\/uploads\/2021\/04\/PREU_BUS-600x140.jpg 600w, https:\/\/bisbalpenedes.com\/web\/wp-content\/uploads\/2021\/04\/PREU_BUS-300x70.jpg 300w, https:\/\/bisbalpenedes.com\/web\/wp-content\/uploads\/2021\/04\/PREU_BUS-768x179.jpg 768w, https:\/\/bisbalpenedes.com\/web\/wp-content\/uploads\/2021\/04\/PREU_BUS-1536x357.jpg 1536w, https:\/\/bisbalpenedes.com\/web\/wp-content\/uploads\/2021\/04\/PREU_BUS-2048x476.jpg 2048w\" sizes=\"(max-width: 1024px) 100vw, 1024px\" \/><\/figure>\n\n\n\n<figure class=\"wp-block-table\"><table><tbody><tr><td class=\"has-text-align-center\" data-align=\"center\"><a href=\"https:\/\/bisbalpenedes.com\/web\/wp-content\/uploads\/2021\/04\/BUS-2021_NUCLI_INT-1.jpg\" target=\"_blank\" rel=\"noreferrer noopener\"><img loading=\"lazy\" width=\"576\" height=\"655\" class=\"wp-image-17446\" style=\"width: 150px;\" src=\"https:\/\/bisbalpenedes.com\/web\/wp-content\/uploads\/2021\/04\/bus_nucli.jpg\" alt=\"Horari del Bus del Nucli Urb\u00e0\" srcset=\"https:\/\/bisbalpenedes.com\/web\/wp-content\/uploads\/2021\/04\/bus_nucli.jpg 576w, https:\/\/bisbalpenedes.com\/web\/wp-content\/uploads\/2021\/04\/bus_nucli-264x300.jpg 264w\" sizes=\"(max-width: 576px) 100vw, 576px\" \/><\/a><\/td><td class=\"has-text-align-center\" data-align=\"center\"><a href=\"https:\/\/bisbalpenedes.com\/web\/wp-content\/uploads\/2021\/04\/BUS-2021_PRIORAT_INT-2.jpg\" target=\"_blank\" rel=\"noreferrer noopener\"><img loading=\"lazy\" width=\"576\" height=\"655\" class=\"wp-image-17451\" style=\"width: 150px;\" src=\"https:\/\/bisbalpenedes.com\/web\/wp-content\/uploads\/2021\/04\/bus_priorat.jpg\" alt=\"Horaris del Bus del Priorat\" srcset=\"https:\/\/bisbalpenedes.com\/web\/wp-content\/uploads\/2021\/04\/bus_priorat.jpg 576w, https:\/\/bisbalpenedes.com\/web\/wp-content\/uploads\/2021\/04\/bus_priorat-264x300.jpg 264w\" sizes=\"(max-width: 576px) 100vw, 576px\" \/><\/a><\/td><td class=\"has-text-align-center\" data-align=\"center\"><a href=\"https:\/\/bisbalpenedes.com\/web\/wp-content\/uploads\/2021\/04\/BUS-2021_GORDEI_INT-1.jpg\" target=\"_blank\" rel=\"noreferrer noopener\"><img loading=\"lazy\" width=\"576\" height=\"655\" class=\"wp-image-17452\" style=\"width: 150px;\" src=\"https:\/\/bisbalpenedes.com\/web\/wp-content\/uploads\/2021\/04\/bus_can_gordei.jpg\" alt=\"Horaris del Bus de Can Gordei\" srcset=\"https:\/\/bisbalpenedes.com\/web\/wp-content\/uploads\/2021\/04\/bus_can_gordei.jpg 576w, https:\/\/bisbalpenedes.com\/web\/wp-content\/uploads\/2021\/04\/bus_can_gordei-264x300.jpg 264w\" sizes=\"(max-width: 576px) 100vw, 576px\" \/><\/a><\/td><\/tr><tr><td class=\"has-text-align-center\" data-align=\"center\"><a href=\"https:\/\/bisbalpenedes.com\/web\/wp-content\/uploads\/2021\/04\/BUS-2021_ESPLAI_INT-1.jpg\" target=\"_blank\" rel=\"noreferrer noopener\"><img loading=\"lazy\" width=\"576\" height=\"655\" class=\"wp-image-17455\" style=\"width: 150px;\" src=\"https:\/\/bisbalpenedes.com\/web\/wp-content\/uploads\/2021\/04\/bus_esplai.jpg\" alt=\"Horaris del Bus de l'Esplai\" srcset=\"https:\/\/bisbalpenedes.com\/web\/wp-content\/uploads\/2021\/04\/bus_esplai.jpg 576w, https:\/\/bisbalpenedes.com\/web\/wp-content\/uploads\/2021\/04\/bus_esplai-264x300.jpg 264w\" sizes=\"(max-width: 576px) 100vw, 576px\" \/><\/a><\/td><td class=\"has-text-align-center\" data-align=\"center\"><a href=\"https:\/\/bisbalpenedes.com\/web\/wp-content\/uploads\/2021\/04\/BUS-2021_MASIETA_INT-1.jpg\" target=\"_blank\" rel=\"noreferrer noopener\"><img loading=\"lazy\" width=\"576\" height=\"655\" class=\"wp-image-17456\" style=\"width: 150px;\" src=\"https:\/\/bisbalpenedes.com\/web\/wp-content\/uploads\/2021\/04\/bus_la_masieta.jpg\" alt=\"Horaris del Bus de la Masieta\" srcset=\"https:\/\/bisbalpenedes.com\/web\/wp-content\/uploads\/2021\/04\/bus_la_masieta.jpg 576w, https:\/\/bisbalpenedes.com\/web\/wp-content\/uploads\/2021\/04\/bus_la_masieta-264x300.jpg 264w\" sizes=\"(max-width: 576px) 100vw, 576px\" \/><\/a><\/td><td class=\"has-text-align-center\" data-align=\"center\"><a href=\"https:\/\/bisbalpenedes.com\/web\/wp-content\/uploads\/2021\/04\/BUS-2021_MIRALBA_INT-1.jpg\" target=\"_blank\" rel=\"noreferrer noopener\"><img loading=\"lazy\" width=\"576\" height=\"655\" class=\"wp-image-17458\" style=\"width: 150px;\" src=\"https:\/\/bisbalpenedes.com\/web\/wp-content\/uploads\/2021\/04\/bus_la_miralba.jpg\" alt=\"Horaris del Bus de la Miralba\" srcset=\"https:\/\/bisbalpenedes.com\/web\/wp-content\/uploads\/2021\/04\/bus_la_miralba.jpg 576w, https:\/\/bisbalpenedes.com\/web\/wp-content\/uploads\/2021\/04\/bus_la_miralba-264x300.jpg 264w\" sizes=\"(max-width: 576px) 100vw, 576px\" \/><\/a><\/td><\/tr><tr><td class=\"has-text-align-center\" data-align=\"center\"><a href=\"https:\/\/bisbalpenedes.com\/web\/wp-content\/uploads\/2021\/04\/BUS-2021_PAPAGAI_INT.jpg\" target=\"_blank\" rel=\"noreferrer noopener\"><img loading=\"lazy\" width=\"576\" height=\"655\" class=\"wp-image-17459\" style=\"width: 150px;\" src=\"https:\/\/bisbalpenedes.com\/web\/wp-content\/uploads\/2021\/04\/bus_papagai.jpg\" alt=\"Horaris del Bus del Papagai\" srcset=\"https:\/\/bisbalpenedes.com\/web\/wp-content\/uploads\/2021\/04\/bus_papagai.jpg 576w, https:\/\/bisbalpenedes.com\/web\/wp-content\/uploads\/2021\/04\/bus_papagai-264x300.jpg 264w\" sizes=\"(max-width: 576px) 100vw, 576px\" \/><\/a><\/td><td class=\"has-text-align-center\" data-align=\"center\"><a href=\"https:\/\/bisbalpenedes.com\/web\/wp-content\/uploads\/2021\/04\/BUS-2021_SCRISTINA_INT.jpg\" target=\"_blank\" rel=\"noreferrer noopener\"><img loading=\"lazy\" width=\"576\" height=\"655\" class=\"wp-image-17460\" style=\"width: 150px;\" src=\"https:\/\/bisbalpenedes.com\/web\/wp-content\/uploads\/2021\/04\/bus_santa_cristina.jpg\" alt=\"Horaris del Bus de Santa Cristina\" srcset=\"https:\/\/bisbalpenedes.com\/web\/wp-content\/uploads\/2021\/04\/bus_santa_cristina.jpg 576w, https:\/\/bisbalpenedes.com\/web\/wp-content\/uploads\/2021\/04\/bus_santa_cristina-264x300.jpg 264w\" sizes=\"(max-width: 576px) 100vw, 576px\" \/><\/a><\/td><td class=\"has-text-align-center\" data-align=\"center\"><a href=\"https:\/\/bisbalpenedes.com\/web\/wp-content\/uploads\/2021\/04\/BUS-2021_ORTIGOS_INT.jpg\" target=\"_blank\" rel=\"noreferrer noopener\"><img loading=\"lazy\" width=\"576\" height=\"655\" class=\"wp-image-17461\" style=\"width: 150px;\" src=\"https:\/\/bisbalpenedes.com\/web\/wp-content\/uploads\/2021\/04\/bus_ortigos.jpg\" alt=\"Horaris del Bus de l'Ortig\u00f3ss\" srcset=\"https:\/\/bisbalpenedes.com\/web\/wp-content\/uploads\/2021\/04\/bus_ortigos.jpg 576w, https:\/\/bisbalpenedes.com\/web\/wp-content\/uploads\/2021\/04\/bus_ortigos-264x300.jpg 264w\" sizes=\"(max-width: 576px) 100vw, 576px\" \/><\/a><\/td><\/tr><\/tbody><\/table><\/figure>\n\n\n\n<p><\/p>\n","protected":false},"excerpt":{"rendered":"<p>Servei de bus: servei amb horaris i parades, sense trucada telef\u00f2nica per reservar horaris i parades per circular dins el municipi horaris i parades per anar i tornar al Vendrell, &hellip; <a href=\"https:\/\/bisbalpenedes.com\/web\/transports\/\" class=\"more-link\">Read More<\/a><\/p>\n","protected":false},"author":1,"featured_media":17431,"parent":0,"menu_order":0,"comment_status":"closed","ping_status":"open","template":"","meta":[],"_links":{"self":[{"href":"https:\/\/bisbalpenedes.com\/web\/wp-json\/wp\/v2\/pages\/140"}],"collection":[{"href":"https:\/\/bisbalpenedes.com\/web\/wp-json\/wp\/v2\/pages"}],"about":[{"href":"https:\/\/bisbalpenedes.com\/web\/wp-json\/wp\/v2\/types\/page"}],"author":[{"embeddable":true,"href":"https:\/\/bisbalpenedes.com\/web\/wp-json\/wp\/v2\/users\/1"}],"replies":[{"embeddable":true,"href":"https:\/\/bisbalpenedes.com\/web\/wp-json\/wp\/v2\/comments?post=140"}],"version-history":[{"count":57,"href":"https:\/\/bisbalpenedes.com\/web\/wp-json\/wp\/v2\/pages\/140\/revisions"}],"predecessor-version":[{"id":26364,"href":"https:\/\/bisbalpenedes.com\/web\/wp-json\/wp\/v2\/pages\/140\/revisions\/26364"}],"wp:featuredmedia":[{"embeddable":true,"href":"https:\/\/bisbalpenedes.com\/web\/wp-json\/wp\/v2\/media\/17431"}],"wp:attachment":[{"href":"https:\/\/bisbalpenedes.com\/web\/wp-json\/wp\/v2\/media?parent=140"}],"curies":[{"name":"wp","href":"https:\/\/api.w.org\/{rel}","templated":true}]}}

<div class="wp-container-4 wp-block-group"><div class="wp-block-group__inner-container">
<div class="wp-container-3 wp-block-columns">
<div class="wp-container-2 wp-block-column" style="flex-basis:100%">
<div class="wp-container-1 wp-block-group"><div class="wp-block-group__inner-container">
<h4>Servei de bus:</h4>
<ul>
<li>servei amb horaris i parades, sense trucada telefònica per reservar</li>
<li>horaris i parades per circular dins el municipi</li>
<li>horaris i parades per anar i tornar al Vendrell, amb tres parades al Vendrell (les Mates a la carretera de Barcelona, l&#8217;hospital i la parada de busos)</li>
<li>servei de dilluns a divendres feiners</li>
<li>els dissabtes hi ha anades i tornades al Vendrell des del nucli</li>
</ul>



<p></p>



<p>Tots els horaris que trobareu a continuació a excepció de les anades a l&#8217;institut, que s&#8217;han modificat en alguns casos. Us adjuntem l&#8217;horari vàlid des del 13 de setembre de 2022:</p>



<figure class="wp-block-image size-large"><img loading="lazy" width="1024" height="724" src="https://bisbalpenedes.com/web/wp-content/uploads/2022/09/Horari-institut-curs-2022-2023_page-0001-1024x724.jpg" alt="" class="wp-image-23223" srcset="https://bisbalpenedes.com/web/wp-content/uploads/2022/09/Horari-institut-curs-2022-2023_page-0001-1024x724.jpg 1024w, https://bisbalpenedes.com/web/wp-content/uploads/2022/09/Horari-institut-curs-2022-2023_page-0001-300x212.jpg 300w, https://bisbalpenedes.com/web/wp-content/uploads/2022/09/Horari-institut-curs-2022-2023_page-0001-768x543.jpg 768w, https://bisbalpenedes.com/web/wp-content/uploads/2022/09/Horari-institut-curs-2022-2023_page-0001-1536x1086.jpg 1536w, https://bisbalpenedes.com/web/wp-content/uploads/2022/09/Horari-institut-curs-2022-2023_page-0001-600x424.jpg 600w, https://bisbalpenedes.com/web/wp-content/uploads/2022/09/Horari-institut-curs-2022-2023_page-0001.jpg 1755w" sizes="(max-width: 1024px) 100vw, 1024px" /></figure>
</div></div>



<p><strong>Preus</strong> (els menors de 4 anys no paguen tiquet):</p>
</div>
</div>
</div></div>



<figure class="wp-block-image size-large"><img loading="lazy" width="1024" height="238" src="https://bisbalpenedes.com/web/wp-content/uploads/2021/04/PREU_BUS-1024x238.jpg" alt="" class="wp-image-17441" srcset="https://bisbalpenedes.com/web/wp-content/uploads/2021/04/PREU_BUS-1024x238.jpg 1024w, https://bisbalpenedes.com/web/wp-content/uploads/2021/04/PREU_BUS-600x140.jpg 600w, https://bisbalpenedes.com/web/wp-content/uploads/2021/04/PREU_BUS-300x70.jpg 300w, https://bisbalpenedes.com/web/wp-content/uploads/2021/04/PREU_BUS-768x179.jpg 768w, https://bisbalpenedes.com/web/wp-content/uploads/2021/04/PREU_BUS-1536x357.jpg 1536w, https://bisbalpenedes.com/web/wp-content/uploads/2021/04/PREU_BUS-2048x476.jpg 2048w" sizes="(max-width: 1024px) 100vw, 1024px" /></figure>



<figure class="wp-block-table"><table><tbody><tr><td class="has-text-align-center" data-align="center"><a href="https://bisbalpenedes.com/web/wp-content/uploads/2021/04/BUS-2021_NUCLI_INT-1.jpg" target="_blank" rel="noreferrer noopener"><img loading="lazy" width="576" height="655" class="wp-image-17446" style="width: 150px;" src="https://bisbalpenedes.com/web/wp-content/uploads/2021/04/bus_nucli.jpg" alt="Horari del Bus del Nucli Urbà" srcset="https://bisbalpenedes.com/web/wp-content/uploads/2021/04/bus_nucli.jpg 576w, https://bisbalpenedes.com/web/wp-content/uploads/2021/04/bus_nucli-264x300.jpg 264w" sizes="(max-width: 576px) 100vw, 576px" /></a></td><td class="has-text-align-center" data-align="center"><a href="https://bisbalpenedes.com/web/wp-content/uploads/2021/04/BUS-2021_PRIORAT_INT-2.jpg" target="_blank" rel="noreferrer noopener"><img loading="lazy" width="576" height="655" class="wp-image-17451" style="width: 150px;" src="https://bisbalpenedes.com/web/wp-content/uploads/2021/04/bus_priorat.jpg" alt="Horaris del Bus del Priorat" srcset="https://bisbalpenedes.com/web/wp-content/uploads/2021/04/bus_priorat.jpg 576w, https://bisbalpenedes.com/web/wp-content/uploads/2021/04/bus_priorat-264x300.jpg 264w" sizes="(max-width: 576px) 100vw, 576px" /></a></td><td class="has-text-align-center" data-align="center"><a href="https://bisbalpenedes.com/web/wp-content/uploads/2021/04/BUS-2021_GORDEI_INT-1.jpg" target="_blank" rel="noreferrer noopener"><img loading="lazy" width="576" height="655" class="wp-image-17452" style="width: 150px;" src="https://bisbalpenedes.com/web/wp-content/uploads/2021/04/bus_can_gordei.jpg" alt="Horaris del Bus de Can Gordei" srcset="https://bisbalpenedes.com/web/wp-content/uploads/2021/04/bus_can_gordei.jpg 576w, https://bisbalpenedes.com/web/wp-content/uploads/2021/04/bus_can_gordei-264x300.jpg 264w" sizes="(max-width: 576px) 100vw, 576px" /></a></td></tr><tr><td class="has-text-align-center" data-align="center"><a href="https://bisbalpenedes.com/web/wp-content/uploads/2021/04/BUS-2021_ESPLAI_INT-1.jpg" target="_blank" rel="noreferrer noopener"><img loading="lazy" width="576" height="655" class="wp-image-17455" style="width: 150px;" src="https://bisbalpenedes.com/web/wp-content/uploads/2021/04/bus_esplai.jpg" alt="Horaris del Bus de l'Esplai" srcset="https://bisbalpenedes.com/web/wp-content/uploads/2021/04/bus_esplai.jpg 576w, https://bisbalpenedes.com/web/wp-content/uploads/2021/04/bus_esplai-264x300.jpg 264w" sizes="(max-width: 576px) 100vw, 576px" /></a></td><td class="has-text-align-center" data-align="center"><a href="https://bisbalpenedes.com/web/wp-content/uploads/2021/04/BUS-2021_MASIETA_INT-1.jpg" target="_blank" rel="noreferrer noopener"><img loading="lazy" width="576" height="655" class="wp-image-17456" style="width: 150px;" src="https://bisbalpenedes.com/web/wp-content/uploads/2021/04/bus_la_masieta.jpg" alt="Horaris del Bus de la Masieta" srcset="https://bisbalpenedes.com/web/wp-content/uploads/2021/04/bus_la_masieta.jpg 576w, https://bisbalpenedes.com/web/wp-content/uploads/2021/04/bus_la_masieta-264x300.jpg 264w" sizes="(max-width: 576px) 100vw, 576px" /></a></td><td class="has-text-align-center" data-align="center"><a href="https://bisbalpenedes.com/web/wp-content/uploads/2021/04/BUS-2021_MIRALBA_INT-1.jpg" target="_blank" rel="noreferrer noopener"><img loading="lazy" width="576" height="655" class="wp-image-17458" style="width: 150px;" src="https://bisbalpenedes.com/web/wp-content/uploads/2021/04/bus_la_miralba.jpg" alt="Horaris del Bus de la Miralba" srcset="https://bisbalpenedes.com/web/wp-content/uploads/2021/04/bus_la_miralba.jpg 576w, https://bisbalpenedes.com/web/wp-content/uploads/2021/04/bus_la_miralba-264x300.jpg 264w" sizes="(max-width: 576px) 100vw, 576px" /></a></td></tr><tr><td class="has-text-align-center" data-align="center"><a href="https://bisbalpenedes.com/web/wp-content/uploads/2021/04/BUS-2021_PAPAGAI_INT.jpg" target="_blank" rel="noreferrer noopener"><img loading="lazy" width="576" height="655" class="wp-image-17459" style="width: 150px;" src="https://bisbalpenedes.com/web/wp-content/uploads/2021/04/bus_papagai.jpg" alt="Horaris del Bus del Papagai" srcset="https://bisbalpenedes.com/web/wp-content/uploads/2021/04/bus_papagai.jpg 576w, https://bisbalpenedes.com/web/wp-content/uploads/2021/04/bus_papagai-264x300.jpg 264w" sizes="(max-width: 576px) 100vw, 576px" /></a></td><td class="has-text-align-center" data-align="center"><a href="https://bisbalpenedes.com/web/wp-content/uploads/2021/04/BUS-2021_SCRISTINA_INT.jpg" target="_blank" rel="noreferrer noopener"><img loading="lazy" width="576" height="655" class="wp-image-17460" style="width: 150px;" src="https://bisbalpenedes.com/web/wp-content/uploads/2021/04/bus_santa_cristina.jpg" alt="Horaris del Bus de Santa Cristina" srcset="https://bisbalpenedes.com/web/wp-content/uploads/2021/04/bus_santa_cristina.jpg 576w, https://bisbalpenedes.com/web/wp-content/uploads/2021/04/bus_santa_cristina-264x300.jpg 264w" sizes="(max-width: 576px) 100vw, 576px" /></a></td><td class="has-text-align-center" data-align="center"><a href="https://bisbalpenedes.com/web/wp-content/uploads/2021/04/BUS-2021_ORTIGOS_INT.jpg" target="_blank" rel="noreferrer noopener"><img loading="lazy" width="576" height="655" class="wp-image-17461" style="width: 150px;" src="https://bisbalpenedes.com/web/wp-content/uploads/2021/04/bus_ortigos.jpg" alt="Horaris del Bus de l'Ortigóss" srcset="https://bisbalpenedes.com/web/wp-content/uploads/2021/04/bus_ortigos.jpg 576w, https://bisbalpenedes.com/web/wp-content/uploads/2021/04/bus_ortigos-264x300.jpg 264w" sizes="(max-width: 576px) 100vw, 576px" /></a></td></tr></tbody></table></figure>



<p></p>

<p>Servei de bus: servei amb horaris i parades, sense trucada telefònica per reservar horaris i parades per circular dins el municipi horaris i parades per anar i tornar al Vendrell, &hellip; <a href="https://bisbalpenedes.com/web/transports/" class="more-link">Read More</a></p>
